CRAN Package Check Results for Package SmartMeterAnalytics

Last updated on 2023-03-28 06:51:30 CEST.

Flavor Version Tinstall Tcheck Ttotal Status Flags
r-devel-linux-x86_64-debian-clang 1.0.3 6.70 43.14 49.84 NOTE
r-devel-linux-x86_64-debian-gcc 1.0.3 4.57 32.76 37.33 NOTE
r-devel-linux-x86_64-fedora-clang 1.0.3 60.94 NOTE
r-devel-linux-x86_64-fedora-gcc 1.0.3 61.72 NOTE
r-devel-windows-x86_64 1.0.3 60.00 73.00 133.00 NOTE
r-patched-linux-x86_64 1.0.3 8.43 41.38 49.81 NOTE
r-release-linux-x86_64 1.0.3 6.27 42.40 48.67 NOTE
r-release-macos-arm64 1.0.3 19.00 NOTE
r-release-macos-x86_64 1.0.3 30.00 NOTE
r-release-windows-x86_64 1.0.3 53.00 74.00 127.00 NOTE
r-oldrel-macos-arm64 1.0.3 23.00 NOTE
r-oldrel-macos-x86_64 1.0.3 40.00 NOTE
r-oldrel-windows-ix86+x86_64 1.0.3 13.00 74.00 87.00 NOTE

Check Details

Version: 1.0.3
Check: LazyData
Result: NOTE
     'LazyData' is specified without a 'data' directory
Flavors: r-devel-linux-x86_64-debian-clang, r-devel-linux-x86_64-debian-gcc, r-devel-linux-x86_64-fedora-clang, r-devel-linux-x86_64-fedora-gcc, r-devel-windows-x86_64, r-patched-linux-x86_64, r-release-linux-x86_64, r-release-macos-arm64, r-release-macos-x86_64, r-release-windows-x86_64, r-oldrel-macos-arm64, r-oldrel-macos-x86_64, r-oldrel-windows-ix86+x86_64