CRAN Package Check Results for Package SmartSVA

Last updated on 2021-06-19 06:48:25 CEST.

Flavor Version Tinstall Tcheck Ttotal Status Flags
r-devel-linux-x86_64-debian-clang 0.1.3 53.86 245.89 299.75 NOTE
r-devel-linux-x86_64-debian-gcc 0.1.3 37.61 181.53 219.14 NOTE
r-devel-linux-x86_64-fedora-clang 0.1.3 369.09 NOTE
r-devel-linux-x86_64-fedora-gcc 0.1.3 363.10 NOTE
r-devel-windows-x86_64 0.1.3 73.00 267.00 340.00 NOTE
r-devel-windows-x86_64-gcc10-UCRT 0.1.3 NOTE
r-patched-linux-x86_64 0.1.3 42.89 228.02 270.91 NOTE
r-patched-solaris-x86 0.1.3 480.80 NOTE
r-release-linux-x86_64 0.1.3 41.02 231.92 272.94 NOTE
r-release-macos-arm64 0.1.3 ERROR
r-release-macos-x86_64 0.1.3 NOTE
r-release-windows-ix86+x86_64 0.1.3 121.00 364.00 485.00 NOTE
r-oldrel-macos-x86_64 0.1.3 OK
r-oldrel-windows-ix86+x86_64 0.1.3 78.00 321.00 399.00 OK

Check Details

Version: 0.1.3
Check: LazyData
Result: NOTE
     'LazyData' is specified without a 'data' directory
Flavors: r-devel-linux-x86_64-debian-clang, r-devel-linux-x86_64-debian-gcc, r-devel-linux-x86_64-fedora-clang, r-devel-linux-x86_64-fedora-gcc, r-devel-windows-x86_64, r-devel-windows-x86_64-gcc10-UCRT, r-patched-linux-x86_64, r-patched-solaris-x86, r-release-linux-x86_64, r-release-macos-x86_64, r-release-windows-ix86+x86_64

Version: 0.1.3
Check: package dependencies
Result: ERROR
    Packages required but not available: 'sva', 'isva'
    
    See section ‘The DESCRIPTION file’ in the ‘Writing R Extensions’
    manual.
Flavor: r-release-macos-arm64