CRAN Package Check Results for Package SpaTimeClus

Last updated on 2021-06-21 06:49:25 CEST.

Flavor Version Tinstall Tcheck Ttotal Status Flags
r-devel-linux-x86_64-debian-clang 1.0.1 94.49 30.51 125.00 OK
r-devel-linux-x86_64-debian-gcc 1.0.1 62.69 23.96 86.65 OK
r-devel-linux-x86_64-fedora-clang 1.0.1 191.83 NOTE
r-devel-linux-x86_64-fedora-gcc 1.0.1 160.01 NOTE
r-devel-windows-x86_64 1.0.1 110.00 59.00 169.00 OK
r-devel-windows-x86_64-gcc10-UCRT 1.0.1 OK
r-patched-linux-x86_64 1.0.1 73.98 29.70 103.68 OK
r-patched-solaris-x86 1.0.1 161.80 OK
r-release-linux-x86_64 1.0.1 71.72 29.66 101.38 OK
r-release-macos-arm64 1.0.1 NOTE
r-release-macos-x86_64 1.0.1 OK
r-release-windows-ix86+x86_64 1.0.1 219.00 56.00 275.00 OK
r-oldrel-macos-x86_64 1.0.1 OK
r-oldrel-windows-ix86+x86_64 1.0.1 162.00 0.00 162.00 OK

Check Details

Version: 1.0.1
Check: installed package size
Result: NOTE
     installed size is 5.1Mb
     sub-directories of 1Mb or more:
     libs 4.9Mb
Flavors: r-devel-linux-x86_64-fedora-clang, r-release-macos-arm64

Version: 1.0.1
Check: compiled code
Result: NOTE
    File ‘SpaTimeClus/libs/SpaTimeClus.so’:
     Found no calls to: ‘R_registerRoutines’, ‘R_useDynamicSymbols’
    
    It is good practice to register native routines and to disable symbol
    search.
    
    See ‘Writing portable packages’ in the ‘Writing R Extensions’ manual.
Flavors: r-devel-linux-x86_64-fedora-clang, r-devel-linux-x86_64-fedora-gcc