Last updated on 2023-01-28 07:15:08 CET.
Flavor | Version | Tinstall | Tcheck | Ttotal | Status | Flags |
---|---|---|---|---|---|---|
r-devel-linux-x86_64-debian-clang | 0.13-0 | 73.24 | 88.18 | 161.42 | OK | |
r-devel-linux-x86_64-debian-gcc | 0.13-0 | 51.31 | 65.44 | 116.75 | NOTE | |
r-devel-linux-x86_64-fedora-clang | 0.13-0 | 231.09 | OK | |||
r-devel-linux-x86_64-fedora-gcc | 0.13-0 | 227.81 | NOTE | |||
r-devel-windows-x86_64 | 0.13-0 | 98.00 | 148.00 | 246.00 | OK | |
r-patched-linux-x86_64 | 0.13-0 | 57.25 | 84.98 | 142.23 | OK | |
r-release-linux-x86_64 | 0.13-0 | 57.59 | 87.44 | 145.03 | OK | |
r-release-macos-arm64 | 0.13-0 | 68.00 | OK | |||
r-release-macos-x86_64 | 0.13-0 | 78.00 | OK | |||
r-release-windows-x86_64 | 0.13-0 | 74.00 | 166.00 | 240.00 | OK | |
r-oldrel-macos-arm64 | 0.13-0 | 73.00 | OK | |||
r-oldrel-macos-x86_64 | 0.13-0 | 77.00 | OK | |||
r-oldrel-windows-ix86+x86_64 | 0.13-0 | 173.00 | 178.00 | 351.00 | OK |
Version: 0.13-0
Check: C++ specification
Result: NOTE
Specified C++11: please update to current default of C++17
Flavors: r-devel-linux-x86_64-debian-gcc, r-devel-linux-x86_64-fedora-gcc