CRAN Package Check Results for Package SpatialGEV

Last updated on 2024-06-12 07:57:17 CEST.

Flavor Version Tinstall Tcheck Ttotal Status Flags
r-devel-linux-x86_64-debian-clang 1.0.1 184.34 96.70 281.04 NOTE
r-devel-linux-x86_64-debian-gcc 1.0.1 178.43 71.71 250.14 NOTE
r-devel-linux-x86_64-fedora-clang 1.0.1 253.94 OK
r-devel-linux-x86_64-fedora-gcc 1.0.1 344.16 OK
r-devel-windows-x86_64 1.0.1 139.00 119.00 258.00 NOTE
r-patched-linux-x86_64 1.0.0 199.08 87.75 286.83 NOTE
r-release-linux-x86_64 1.0.0 193.37 88.83 282.20 NOTE
r-release-macos-arm64 1.0.1 119.00 NOTE
r-release-macos-x86_64 1.0.1 317.00 NOTE
r-release-windows-x86_64 1.0.0 128.00 116.00 244.00 NOTE
r-oldrel-macos-arm64 1.0.1 158.00 NOTE
r-oldrel-macos-x86_64 1.0.1 312.00 NOTE
r-oldrel-windows-x86_64 1.0.1 130.00 146.00 276.00 NOTE

Additional issues

noRemap

Check Details

Version: 1.0.1
Check: package dependencies
Result: NOTE Package suggested but not available for checking: ‘INLA’ Flavors: r-devel-linux-x86_64-debian-clang, r-devel-linux-x86_64-debian-gcc, r-release-macos-arm64, r-release-macos-x86_64, r-oldrel-macos-arm64, r-oldrel-macos-x86_64, r-oldrel-windows-x86_64

Version: 1.0.1
Check: installed package size
Result: NOTE installed size is 14.5Mb sub-directories of 1Mb or more: libs 13.6Mb Flavors: r-devel-windows-x86_64, r-release-macos-arm64, r-release-macos-x86_64, r-oldrel-macos-arm64, r-oldrel-macos-x86_64, r-oldrel-windows-x86_64

Version: 1.0.0
Check: package dependencies
Result: NOTE Package suggested but not available for checking: ‘INLA’ Flavors: r-patched-linux-x86_64, r-release-linux-x86_64

Version: 1.0.0
Check: installed package size
Result: NOTE installed size is 14.5Mb sub-directories of 1Mb or more: libs 13.5Mb Flavor: r-release-windows-x86_64