CRAN Package Check Results for Package SpatialPOP

Last updated on 2022-10-04 06:56:37 CEST.

Flavor Version Tinstall Tcheck Ttotal Status Flags
r-devel-linux-x86_64-debian-clang 0.1.0 1.67 31.56 33.23 OK
r-devel-linux-x86_64-debian-gcc 0.1.0 1.67 25.05 26.72 OK
r-devel-linux-x86_64-fedora-clang 0.1.0 57.56 NOTE
r-devel-linux-x86_64-fedora-gcc 0.1.0 54.23 NOTE
r-devel-windows-x86_64 0.1.0 11.00 60.00 71.00 OK
r-patched-linux-x86_64 0.1.0 2.61 30.91 33.52 OK
r-release-linux-x86_64 0.1.0 2.57 30.61 33.18 OK
r-release-macos-arm64 0.1.0 20.00 NOTE
r-release-macos-x86_64 0.1.0 26.00 NOTE
r-release-windows-x86_64 0.1.0 12.00 61.00 73.00 OK
r-oldrel-macos-arm64 0.1.0 18.00 NOTE
r-oldrel-macos-x86_64 0.1.0 23.00 NOTE
r-oldrel-windows-ix86+x86_64 0.1.0 7.00 61.00 68.00 OK

Check Details

Version: 0.1.0
Check: dependencies in R code
Result: NOTE
    Namespace in Imports field not imported from: ‘MASS’
     All declared Imports should be used.
Flavors: r-devel-linux-x86_64-fedora-clang, r-devel-linux-x86_64-fedora-gcc, r-release-macos-arm64, r-release-macos-x86_64, r-oldrel-macos-arm64, r-oldrel-macos-x86_64