Last updated on 2022-07-02 07:07:11 CEST.
Flavor | Version | Tinstall | Tcheck | Ttotal | Status | Flags |
---|---|---|---|---|---|---|
r-devel-linux-x86_64-debian-clang | 1.0.4 | 88.21 | 79.52 | 167.73 | OK | |
r-devel-linux-x86_64-debian-gcc | 1.0.4 | 78.07 | 61.47 | 139.54 | OK | |
r-devel-linux-x86_64-fedora-clang | 1.0.4 | 247.45 | OK | |||
r-devel-linux-x86_64-fedora-gcc | 1.0.4 | 224.56 | OK | |||
r-devel-windows-x86_64 | 1.0.4 | 93.00 | 124.00 | 217.00 | OK | |
r-patched-linux-x86_64 | 1.0.4 | 76.74 | 77.05 | 153.79 | OK | |
r-release-linux-x86_64 | 1.0.4 | 70.53 | 77.00 | 147.53 | OK | |
r-release-macos-arm64 | 1.0.4 | 62.00 | NOTE | |||
r-release-macos-x86_64 | 1.0.4 | 78.00 | OK | |||
r-release-windows-x86_64 | 1.0.4 | 92.00 | 128.00 | 220.00 | OK | |
r-oldrel-macos-arm64 | 1.0.4 | 72.00 | NOTE | |||
r-oldrel-macos-x86_64 | 1.0.4 | 112.00 | NOTE | |||
r-oldrel-windows-ix86+x86_64 | 1.0.4 | 216.00 | 141.00 | 357.00 | OK |
Version: 1.0.4
Check: installed package size
Result: NOTE
installed size is 5.5Mb
sub-directories of 1Mb or more:
libs 5.3Mb
Flavors: r-release-macos-arm64, r-oldrel-macos-arm64, r-oldrel-macos-x86_64