CRAN Package Check Results for Package SpatialTools

Last updated on 2020-09-21 06:49:27 CEST.

Flavor Version Tinstall Tcheck Ttotal Status Flags
r-devel-linux-x86_64-debian-clang 1.0.4 97.69 68.04 165.73 OK
r-devel-linux-x86_64-debian-gcc 1.0.4 75.20 53.21 128.41 OK
r-devel-linux-x86_64-fedora-clang 1.0.4 235.16 NOTE
r-devel-linux-x86_64-fedora-gcc 1.0.4 211.14 OK
r-devel-windows-ix86+x86_64 1.0.4 223.00 117.00 340.00 OK
r-patched-linux-x86_64 1.0.4 84.55 67.01 151.56 OK
r-patched-solaris-x86 1.0.4 218.30 OK
r-release-linux-x86_64 1.0.4 80.48 67.23 147.71 OK
r-release-macos-x86_64 1.0.4 NOTE
r-release-windows-ix86+x86_64 1.0.4 221.00 105.00 326.00 OK
r-oldrel-macos-x86_64 1.0.4 OK
r-oldrel-windows-ix86+x86_64 1.0.4 146.00 111.00 257.00 OK

Check Details

Version: 1.0.4
Check: installed package size
Result: NOTE
     installed size is 6.5Mb
     sub-directories of 1Mb or more:
     libs 6.3Mb
Flavors: r-devel-linux-x86_64-fedora-clang, r-release-macos-x86_64