CRAN Package Check Results for Package SpectralMap

Last updated on 2024-02-26 07:50:15 CET.

Flavor Version Tinstall Tcheck Ttotal Status Flags
r-devel-linux-x86_64-debian-clang 1.0 5.24 44.76 50.00 NOTE
r-devel-linux-x86_64-debian-gcc 1.0 4.64 34.87 39.51 NOTE
r-devel-linux-x86_64-fedora-clang 1.0 63.21 NOTE
r-devel-linux-x86_64-fedora-gcc 1.0 59.86 NOTE
r-devel-windows-x86_64 1.0 5.00 51.00 56.00 NOTE
r-patched-linux-x86_64 1.0 3.87 45.38 49.25 NOTE
r-release-linux-x86_64 1.0 5.38 44.61 49.99 NOTE
r-release-macos-arm64 1.0 28.00 NOTE
r-release-macos-x86_64 1.0 43.00 NOTE
r-release-windows-x86_64 1.0 7.00 58.00 65.00 NOTE
r-oldrel-macos-arm64 1.0 27.00 NOTE
r-oldrel-windows-x86_64 1.0 6.00 61.00 67.00 NOTE

Check Details

Version: 1.0
Check: LazyData
Result: NOTE 'LazyData' is specified without a 'data' directory Flavors: r-devel-linux-x86_64-debian-clang, r-devel-linux-x86_64-debian-gcc, r-devel-linux-x86_64-fedora-clang, r-devel-linux-x86_64-fedora-gcc, r-devel-windows-x86_64, r-patched-linux-x86_64, r-release-linux-x86_64, r-release-macos-arm64, r-release-macos-x86_64, r-release-windows-x86_64, r-oldrel-macos-arm64, r-oldrel-windows-x86_64