CRAN Package Check Results for Package SphericalCubature

Last updated on 2020-09-20 06:48:31 CEST.

Flavor Version Tinstall Tcheck Ttotal Status Flags
r-devel-linux-x86_64-debian-clang 1.4 5.27 48.93 54.20 OK
r-devel-linux-x86_64-debian-gcc 1.4 4.41 38.34 42.75 OK
r-devel-linux-x86_64-fedora-clang 1.4 80.36 OK
r-devel-linux-x86_64-fedora-gcc 1.4 66.79 OK
r-devel-windows-ix86+x86_64 1.4 13.00 60.00 73.00 OK
r-patched-linux-x86_64 1.4 5.55 49.42 54.97 OK
r-patched-solaris-x86 1.4 97.10 OK
r-release-linux-x86_64 1.4 4.66 49.53 54.19 OK
r-release-macos-x86_64 1.4 OK
r-release-windows-ix86+x86_64 1.4 13.00 55.00 68.00 OK
r-oldrel-macos-x86_64 1.4 WARN
r-oldrel-windows-ix86+x86_64 1.4 7.00 60.00 67.00 OK

Check Details

Version: 1.4
Check: whether package can be installed
Result: WARN
    Found the following significant warnings:
     Warning: 'rgl_init' failed, running with rgl.useNULL = TRUE
Flavor: r-oldrel-macos-x86_64