CRAN Package Check Results for Package StMoMo

Last updated on 2022-07-05 06:52:02 CEST.

Flavor Version Tinstall Tcheck Ttotal Status Flags
r-devel-linux-x86_64-debian-clang 0.4.1 20.14 233.25 253.39 OK
r-devel-linux-x86_64-debian-gcc 0.4.1 14.05 171.65 185.70 OK
r-devel-linux-x86_64-fedora-clang 0.4.1 327.71 OK
r-devel-linux-x86_64-fedora-gcc 0.4.1 321.19 OK
r-devel-windows-x86_64 0.4.1 40.00 291.00 331.00 OK
r-patched-linux-x86_64 0.4.1 18.36 217.99 236.35 OK
r-release-linux-x86_64 0.4.1 12.82 219.80 232.62 OK
r-release-macos-arm64 0.4.1 104.00 OK
r-release-macos-x86_64 0.4.1 161.00 NOTE
r-release-windows-x86_64 0.4.1 28.00 290.00 318.00 OK
r-oldrel-macos-arm64 0.4.1 114.00 OK
r-oldrel-macos-x86_64 0.4.1 187.00 OK
r-oldrel-windows-ix86+x86_64 0.4.1 49.00 263.00 312.00 OK

Check Details

Version: 0.4.1
Check: package dependencies
Result: NOTE
    Package suggested but not available for checking: ‘MTS’
Flavor: r-release-macos-x86_64