CRAN Package Check Results for Package StMoSim

Last updated on 2023-02-02 06:55:08 CET.

Flavor Version Tinstall Tcheck Ttotal Status Flags
r-devel-linux-x86_64-debian-clang 3.1.1 20.05 27.97 48.02 NOTE
r-devel-linux-x86_64-debian-gcc 3.1.1 14.41 22.21 36.62 NOTE
r-devel-linux-x86_64-fedora-clang 3.1.1 70.66 NOTE
r-devel-linux-x86_64-fedora-gcc 3.1.1 61.96 NOTE
r-patched-linux-x86_64 3.1.1 16.64 28.50 45.14 NOTE
r-release-linux-x86_64 3.1.1 18.00 28.16 46.16 NOTE
r-release-macos-arm64 3.1.1 24.00 NOTE
r-release-macos-x86_64 3.1.1 33.00 NOTE
r-release-windows-x86_64 3.1.1 33.00 92.00 125.00 NOTE
r-oldrel-macos-arm64 3.1.1 30.00 NOTE
r-oldrel-macos-x86_64 3.1.1 36.00 NOTE
r-oldrel-windows-ix86+x86_64 3.1.1 57.00 78.00 135.00 NOTE

Check Details

Version: 3.1.1
Check: C++ specification
Result: NOTE
     Specified C++11: please update to current default of C++17
Flavors: r-devel-linux-x86_64-debian-clang, r-devel-linux-x86_64-debian-gcc, r-devel-linux-x86_64-fedora-clang, r-devel-linux-x86_64-fedora-gcc

Version: 3.1.1
Check: for GNU extensions in Makefiles
Result: NOTE
    GNU make is a SystemRequirements.
Flavors: r-devel-linux-x86_64-debian-clang, r-devel-linux-x86_64-debian-gcc, r-devel-linux-x86_64-fedora-clang, r-devel-linux-x86_64-fedora-gcc, r-patched-linux-x86_64, r-release-linux-x86_64, r-release-macos-arm64, r-release-macos-x86_64, r-release-windows-x86_64, r-oldrel-macos-arm64, r-oldrel-macos-x86_64, r-oldrel-windows-ix86+x86_64