CRAN Package Check Results for Package StMoSim

Last updated on 2023-11-28 07:53:19 CET.

Flavor Version Tinstall Tcheck Ttotal Status Flags
r-devel-linux-x86_64-debian-clang 3.1.1 19.44 27.10 46.54 NOTE
r-devel-linux-x86_64-debian-gcc 3.1.1 14.97 21.18 36.15 NOTE
r-devel-linux-x86_64-fedora-clang 3.1.1 70.49 NOTE
r-devel-linux-x86_64-fedora-gcc 3.1.1 65.96 NOTE
r-devel-windows-x86_64 3.1.1 17.00 64.00 81.00 NOTE
r-patched-linux-x86_64 3.1.1 17.99 27.21 45.20 NOTE
r-release-linux-x86_64 3.1.1 18.55 27.11 45.66 NOTE
r-release-macos-arm64 3.1.1 24.00 NOTE
r-release-macos-x86_64 3.1.1 36.00 NOTE
r-release-windows-x86_64 3.1.1 22.00 69.00 91.00 NOTE
r-oldrel-macos-arm64 3.1.1 29.00 NOTE
r-oldrel-macos-x86_64 3.1.1 33.00 NOTE
r-oldrel-windows-x86_64 3.1.1 25.00 72.00 97.00 NOTE

Check Details

Version: 3.1.1
Check: C++ specification
Result: NOTE Specified C++11: please drop specification unless essential Flavors: r-devel-linux-x86_64-debian-clang, r-devel-linux-x86_64-debian-gcc, r-devel-linux-x86_64-fedora-clang, r-devel-linux-x86_64-fedora-gcc, r-devel-windows-x86_64, r-patched-linux-x86_64, r-release-linux-x86_64, r-release-macos-arm64, r-release-macos-x86_64, r-release-windows-x86_64

Version: 3.1.1
Check: for GNU extensions in Makefiles
Result: NOTE GNU make is a SystemRequirements. Flavors: r-devel-linux-x86_64-debian-clang, r-devel-linux-x86_64-debian-gcc, r-devel-linux-x86_64-fedora-clang, r-devel-linux-x86_64-fedora-gcc, r-devel-windows-x86_64, r-patched-linux-x86_64, r-release-linux-x86_64, r-release-macos-arm64, r-release-macos-x86_64, r-release-windows-x86_64, r-oldrel-macos-arm64, r-oldrel-macos-x86_64, r-oldrel-windows-x86_64