CRAN Package Check Results for Package StanHeaders

Last updated on 2020-09-18 06:49:36 CEST.

Flavor Version Tinstall Tcheck Ttotal Status Flags
r-devel-linux-x86_64-debian-clang 2.21.0-6 29.17 509.78 538.95 OK
r-devel-linux-x86_64-debian-gcc 2.21.0-6 19.97 376.57 396.54 OK
r-devel-linux-x86_64-fedora-clang 2.21.0-6 669.73 NOTE
r-devel-linux-x86_64-fedora-gcc 2.21.0-6 633.93 OK
r-devel-windows-ix86+x86_64 2.21.0-6 91.00 535.00 626.00 NOTE
r-patched-linux-x86_64 2.21.0-6 22.31 455.16 477.47 OK
r-patched-solaris-x86 2.21.0-6 1184.10 NOTE
r-release-linux-x86_64 2.21.0-6 22.48 455.89 478.37 OK
r-release-macos-x86_64 2.21.0-6 NOTE
r-release-windows-ix86+x86_64 2.21.0-6 95.00 523.00 618.00 NOTE
r-oldrel-macos-x86_64 2.21.0-6 NOTE
r-oldrel-windows-ix86+x86_64 2.21.0-6 73.00 517.00 590.00 NOTE

Check Details

Version: 2.21.0-6
Check: installed package size
Result: NOTE
     installed size is 13.8Mb
     sub-directories of 1Mb or more:
     include 10.7Mb
     lib 2.9Mb
Flavors: r-devel-linux-x86_64-fedora-clang, r-devel-windows-ix86+x86_64, r-patched-solaris-x86, r-release-macos-x86_64, r-release-windows-ix86+x86_64, r-oldrel-macos-x86_64, r-oldrel-windows-ix86+x86_64