CRAN Package Check Results for Package StanHeaders

Last updated on 2020-12-01 06:50:16 CET.

Flavor Version Tinstall Tcheck Ttotal Status Flags
r-devel-linux-x86_64-debian-clang 2.21.0-6 37.37 520.83 558.20 OK
r-devel-linux-x86_64-debian-gcc 2.21.0-6 19.82 347.28 367.10 OK
r-devel-linux-x86_64-fedora-clang 2.21.0-6 604.63 NOTE
r-devel-linux-x86_64-fedora-gcc 2.21.0-6 614.21 OK
r-devel-windows-ix86+x86_64 2.21.0-6 96.00 541.00 637.00 NOTE
r-patched-linux-x86_64 2.21.0-6 47.87 789.32 837.19 OK
r-patched-solaris-x86 2.21.0-6 1392.60 NOTE
r-release-linux-x86_64 2.21.0-6 26.23 464.05 490.28 OK
r-release-macos-x86_64 2.21.0-6 NOTE
r-release-windows-ix86+x86_64 2.21.0-6 9.00 6.00 15.00 ERROR
r-oldrel-macos-x86_64 2.21.0-6 NOTE
r-oldrel-windows-ix86+x86_64 2.21.0-6 80.00 492.00 572.00 NOTE

Check Details

Version: 2.21.0-6
Check: installed package size
Result: NOTE
     installed size is 13.9Mb
     sub-directories of 1Mb or more:
     include 10.7Mb
     lib 3.0Mb
Flavors: r-devel-linux-x86_64-fedora-clang, r-devel-windows-ix86+x86_64, r-patched-solaris-x86, r-release-macos-x86_64, r-oldrel-macos-x86_64, r-oldrel-windows-ix86+x86_64

Version: 2.21.0-6
Check: whether package can be installed
Result: ERROR
    Installation failed.
Flavor: r-release-windows-ix86+x86_64