CRAN Package Check Results for Package StratifiedMedicine

Last updated on 2022-11-26 05:52:02 CET.

Flavor Version Tinstall Tcheck Ttotal Status Flags
r-devel-linux-x86_64-debian-clang 1.0.5 17.11 397.15 414.26 OK
r-devel-linux-x86_64-debian-gcc 1.0.5 12.84 305.92 318.76 OK
r-devel-linux-x86_64-fedora-clang 1.0.5 472.87 NOTE
r-devel-linux-x86_64-fedora-gcc 1.0.5 508.57 OK
r-devel-windows-x86_64 1.0.5 73.00 234.00 307.00 NOTE
r-patched-linux-x86_64 1.0.5 OK
r-release-linux-x86_64 1.0.5 12.79 377.71 390.50 OK
r-release-macos-arm64 1.0.5 92.00 NOTE
r-release-macos-x86_64 1.0.5 240.00 NOTE
r-release-windows-x86_64 1.0.5 87.00 233.00 320.00 NOTE
r-oldrel-macos-arm64 1.0.5 97.00 NOTE
r-oldrel-macos-x86_64 1.0.5 154.00 NOTE
r-oldrel-windows-ix86+x86_64 1.0.5 34.00 238.00 272.00 NOTE

Check Details

Version: 1.0.5
Check: installed package size
Result: NOTE
     installed size is 5.7Mb
     sub-directories of 1Mb or more:
     doc 5.0Mb
Flavors: r-devel-linux-x86_64-fedora-clang, r-devel-windows-x86_64, r-release-macos-arm64, r-release-macos-x86_64, r-release-windows-x86_64, r-oldrel-macos-arm64, r-oldrel-macos-x86_64, r-oldrel-windows-ix86+x86_64