CRAN Package Check Results for Package StratifiedRF

Last updated on 2024-02-26 07:50:15 CET.

Flavor Version Tinstall Tcheck Ttotal Status Flags
r-devel-linux-x86_64-debian-clang 0.2.2 11.22 89.10 100.32 NOTE
r-devel-linux-x86_64-debian-gcc 0.2.2 9.17 67.16 76.33 NOTE
r-devel-linux-x86_64-fedora-clang 0.2.2 121.98 NOTE
r-devel-linux-x86_64-fedora-gcc 0.2.2 115.69 NOTE
r-devel-windows-x86_64 0.2.2 10.00 78.00 88.00 NOTE
r-patched-linux-x86_64 0.2.2 10.67 86.54 97.21 NOTE
r-release-linux-x86_64 0.2.2 11.39 87.18 98.57 NOTE
r-release-macos-arm64 0.2.2 39.00 NOTE
r-release-macos-x86_64 0.2.2 66.00 NOTE
r-release-windows-x86_64 0.2.2 12.00 91.00 103.00 NOTE
r-oldrel-macos-arm64 0.2.2 36.00 NOTE
r-oldrel-windows-x86_64 0.2.2 14.00 98.00 112.00 NOTE

Check Details

Version: 0.2.2
Check: LazyData
Result: NOTE 'LazyData' is specified without a 'data' directory Flavors: r-devel-linux-x86_64-debian-clang, r-devel-linux-x86_64-debian-gcc, r-devel-linux-x86_64-fedora-clang, r-devel-linux-x86_64-fedora-gcc, r-devel-windows-x86_64, r-patched-linux-x86_64, r-release-linux-x86_64, r-release-macos-arm64, r-release-macos-x86_64, r-release-windows-x86_64, r-oldrel-macos-arm64, r-oldrel-windows-x86_64