CRAN Package Check Results for Package SunsVoc

Last updated on 2024-02-23 06:50:43 CET.

Flavor Version Tinstall Tcheck Ttotal Status Flags
r-devel-linux-x86_64-debian-clang 0.1.2 OK
r-devel-linux-x86_64-debian-gcc 0.1.2 20.70 53.68 74.38 OK
r-devel-linux-x86_64-fedora-clang 0.1.2 122.94 NOTE
r-devel-linux-x86_64-fedora-gcc 0.1.2 128.67 NOTE
r-devel-windows-x86_64 0.1.2 25.00 78.00 103.00 OK
r-patched-linux-x86_64 0.1.2 23.45 68.36 91.81 OK
r-release-linux-x86_64 0.1.2 23.27 68.52 91.79 OK
r-release-macos-arm64 0.1.2 60.00 OK
r-release-macos-x86_64 0.1.2 80.00 OK
r-release-windows-x86_64 0.1.2 30.00 90.00 120.00 OK
r-oldrel-macos-arm64 0.1.2 54.00 NOTE
r-oldrel-windows-x86_64 0.1.2 32.00 93.00 125.00 OK

Check Details

Version: 0.1.2
Check: dependencies in R code
Result: NOTE Namespace in Imports field not imported from: ‘data.table’ All declared Imports should be used. Flavors: r-devel-linux-x86_64-fedora-clang, r-devel-linux-x86_64-fedora-gcc, r-oldrel-macos-arm64