Last updated on 2022-05-28 07:06:06 CEST.
Flavor | Version | Tinstall | Tcheck | Ttotal | Status | Flags |
---|---|---|---|---|---|---|
r-devel-linux-x86_64-debian-clang | 1.0.5 | 61.05 | 52.80 | 113.85 | OK | |
r-devel-linux-x86_64-debian-gcc | 1.0.5 | 51.57 | 40.83 | 92.40 | OK | |
r-devel-linux-x86_64-fedora-clang | 1.0.5 | 160.92 | OK | |||
r-devel-linux-x86_64-fedora-gcc | 1.0.5 | 152.29 | OK | |||
r-devel-windows-x86_64 | 1.0.5 | 115.00 | 103.00 | 218.00 | OK | |
r-patched-linux-x86_64 | 1.0.5 | 53.53 | 51.31 | 104.84 | OK | |
r-release-linux-x86_64 | 1.0.5 | 58.32 | 50.96 | 109.28 | OK | |
r-release-macos-arm64 | 1.0.5 | 42.00 | NOTE | |||
r-release-macos-x86_64 | 1.0.5 | 69.00 | NOTE | |||
r-release-windows-x86_64 | 1.0.5 | 136.00 | 100.00 | 236.00 | OK | |
r-oldrel-macos-arm64 | 1.0.5 | 36.00 | NOTE | |||
r-oldrel-macos-x86_64 | 1.0.5 | 49.00 | NOTE | |||
r-oldrel-windows-ix86+x86_64 | 1.0.5 | 143.00 | 115.00 | 258.00 | OK |
Version: 1.0.5
Check: installed package size
Result: NOTE
installed size is 5.7Mb
sub-directories of 1Mb or more:
libs 5.4Mb
Flavors: r-release-macos-arm64, r-release-macos-x86_64, r-oldrel-macos-arm64, r-oldrel-macos-x86_64