CRAN Package Check Results for Package SynchWave

Last updated on 2024-02-26 07:50:16 CET.

Flavor Version Tinstall Tcheck Ttotal Status Flags
r-devel-linux-x86_64-debian-clang 1.1.2 6.56 61.07 67.63 OK
r-devel-linux-x86_64-debian-gcc 1.1.2 5.07 52.34 57.41 OK
r-devel-linux-x86_64-fedora-clang 1.1.2 93.01 NOTE
r-devel-linux-x86_64-fedora-gcc 1.1.2 91.81 NOTE
r-devel-windows-x86_64 1.1.2 8.00 77.00 85.00 OK
r-patched-linux-x86_64 1.1.2 7.24 67.50 74.74 OK
r-release-linux-x86_64 1.1.2 7.44 67.94 75.38 OK
r-release-macos-arm64 1.1.2 44.00 OK
r-release-macos-x86_64 1.1.2 64.00 OK
r-release-windows-x86_64 1.1.2 11.00 90.00 101.00 OK
r-oldrel-macos-arm64 1.1.2 37.00 OK
r-oldrel-windows-x86_64 1.1.2 10.00 93.00 103.00 OK

Check Details

Version: 1.1.2
Check: compiled code
Result: NOTE File ‘SynchWave/libs/SynchWave.so’: Found no calls to: ‘R_registerRoutines’, ‘R_useDynamicSymbols’ It is good practice to register native routines and to disable symbol search. See ‘Writing portable packages’ in the ‘Writing R Extensions’ manual. Flavors: r-devel-linux-x86_64-fedora-clang, r-devel-linux-x86_64-fedora-gcc