CRAN Package Check Results for Package SynthTools

Last updated on 2024-02-29 06:54:23 CET.

Flavor Version Tinstall Tcheck Ttotal Status Flags
r-devel-linux-x86_64-debian-clang 1.0.1 2.57 34.80 37.37 OK
r-devel-linux-x86_64-debian-gcc 1.0.1 2.08 26.77 28.85 OK
r-devel-linux-x86_64-fedora-clang 1.0.1 46.54 NOTE
r-devel-linux-x86_64-fedora-gcc 1.0.1 44.49 NOTE
r-devel-windows-x86_64 1.0.1 3.00 55.00 58.00 OK
r-patched-linux-x86_64 1.0.1 3.28 33.42 36.70 OK
r-release-linux-x86_64 1.0.1 1.97 33.92 35.89 OK
r-release-macos-arm64 1.0.1 22.00 OK
r-release-macos-x86_64 1.0.1 29.00 OK
r-release-windows-x86_64 1.0.1 4.00 58.00 62.00 OK
r-oldrel-macos-arm64 1.0.1 21.00 NOTE
r-oldrel-windows-x86_64 1.0.1 4.00 59.00 63.00 OK

Check Details

Version: 1.0.1
Check: dependencies in R code
Result: NOTE Namespace in Imports field not imported from: ‘utils’ All declared Imports should be used. Flavors: r-devel-linux-x86_64-fedora-clang, r-devel-linux-x86_64-fedora-gcc, r-oldrel-macos-arm64