Last updated on 2022-07-06 06:53:03 CEST.
Flavor | Version | Tinstall | Tcheck | Ttotal | Status | Flags |
---|---|---|---|---|---|---|
r-devel-linux-x86_64-debian-clang | 0.1.2 | 257.12 | 205.13 | 462.25 | NOTE | |
r-devel-linux-x86_64-debian-gcc | 0.1.2 | 201.26 | 149.64 | 350.90 | NOTE | |
r-devel-linux-x86_64-fedora-clang | 0.1.2 | 676.83 | NOTE | |||
r-devel-linux-x86_64-fedora-gcc | 0.1.2 | 580.68 | NOTE | |||
r-devel-windows-x86_64 | 0.1.2 | 194.00 | 363.00 | 557.00 | NOTE | |
r-patched-linux-x86_64 | 0.1.2 | 190.40 | 191.65 | 382.05 | OK | |
r-release-linux-x86_64 | 0.1.2 | 202.64 | 192.46 | 395.10 | OK | |
r-release-macos-arm64 | 0.1.2 | 134.00 | NOTE | |||
r-release-macos-x86_64 | 0.1.2 | 210.00 | NOTE | |||
r-release-windows-x86_64 | 0.1.2 | 224.00 | 263.00 | 487.00 | OK | |
r-oldrel-macos-arm64 | 0.1.2 | 143.00 | NOTE | |||
r-oldrel-macos-x86_64 | 0.1.2 | 174.00 | NOTE | |||
r-oldrel-windows-ix86+x86_64 | 0.1.2 | 549.00 | 306.00 | 855.00 | OK |
Version: 0.1.2
Check: Rd files
Result: NOTE
checkRd: (-1) kmeans18B.Rd:63: Escaped LaTeX specials: \&
Flavors: r-devel-linux-x86_64-debian-clang, r-devel-linux-x86_64-debian-gcc, r-devel-linux-x86_64-fedora-clang, r-devel-linux-x86_64-fedora-gcc, r-devel-windows-x86_64
Version: 0.1.2
Check: installed package size
Result: NOTE
installed size is 10.5Mb
sub-directories of 1Mb or more:
libs 10.0Mb
Flavors: r-devel-linux-x86_64-fedora-clang, r-release-macos-arm64, r-release-macos-x86_64, r-oldrel-macos-arm64, r-oldrel-macos-x86_64
Version: 0.1.2
Check: Rd cross-references
Result: NOTE
Undeclared package ‘HSAUR3’ in Rd xrefs
Flavor: r-devel-linux-x86_64-fedora-clang