CRAN Package Check Results for Package TCA

Last updated on 2024-04-24 06:19:31 CEST.

Flavor Version Tinstall Tcheck Ttotal Status Flags
r-devel-linux-x86_64-debian-clang 1.2.1 10.02 90.35 100.37 NOTE
r-devel-linux-x86_64-debian-gcc 1.2.1 8.65 66.86 75.51 NOTE
r-devel-linux-x86_64-fedora-clang 1.2.1 127.21 NOTE
r-devel-linux-x86_64-fedora-gcc 1.2.1 137.13 NOTE
r-prerel-macos-arm64 1.2.1 43.00 NOTE
r-prerel-windows-x86_64 1.2.1 9.00 80.00 89.00 NOTE
r-patched-linux-x86_64 1.2.1 6.88 87.00 93.88 NOTE
r-release-linux-x86_64 1.2.1 6.64 88.13 94.77 NOTE
r-release-macos-arm64 1.2.1 45.00 NOTE
r-release-macos-x86_64 1.2.1 65.00 NOTE
r-release-windows-x86_64 1.2.1 12.00 96.00 108.00 NOTE
r-oldrel-macos-arm64 1.2.1 35.00 NOTE
r-oldrel-windows-x86_64 1.2.1 12.00 99.00 111.00 NOTE

Check Details

Version: 1.2.1
Check: Rd files
Result: NOTE checkRd: (-1) tca.Rd:35: Lost braces; missing escapes or markup? 35 | \item{C1.map}{An \code{p1} by \code{k} matrix of 0/1 values, indicating for each of the \code{p1} covariates in \code{C1} whether to consider its potential effects on the values of each of the \code{k} sources (e.g., if position \code{i,j} in \code{C1.map} is 1 then the potential effect of the \code{i}-th covariate in \code{C1} on the {j}-th source will be considered). If \code{C1.map == NULL} then effects for all covariates in \code{C1} will be considered in each of the sources. Note that \code{C1.map} is available only if \code{constrain_mu == TRUE}.} | ^ Flavors: r-devel-linux-x86_64-debian-clang, r-devel-linux-x86_64-debian-gcc, r-devel-linux-x86_64-fedora-clang, r-devel-linux-x86_64-fedora-gcc, r-prerel-macos-arm64, r-prerel-windows-x86_64, r-patched-linux-x86_64

Version: 1.2.1
Check: LazyData
Result: NOTE 'LazyData' is specified without a 'data' directory Flavors: r-devel-linux-x86_64-debian-clang, r-devel-linux-x86_64-debian-gcc, r-devel-linux-x86_64-fedora-clang, r-devel-linux-x86_64-fedora-gcc, r-prerel-macos-arm64, r-prerel-windows-x86_64, r-patched-linux-x86_64, r-release-linux-x86_64, r-release-macos-arm64, r-release-macos-x86_64, r-release-windows-x86_64, r-oldrel-macos-arm64, r-oldrel-windows-x86_64

Version: 1.2.1
Check: dependencies in R code
Result: NOTE Namespaces in Imports field not imported from: ‘Matrix’ ‘quadprog’ All declared Imports should be used. Flavors: r-devel-linux-x86_64-fedora-clang, r-devel-linux-x86_64-fedora-gcc, r-oldrel-macos-arm64