CRAN Package Check Results for Package TH.data

Last updated on 2020-10-01 06:47:26 CEST.

Flavor Version Tinstall Tcheck Ttotal Status Flags
r-devel-linux-x86_64-debian-clang 1.0-10 6.07 31.37 37.44 OK
r-devel-linux-x86_64-debian-gcc 1.0-10 0.83 2.04 2.87 ERROR
r-devel-linux-x86_64-fedora-clang 1.0-10 53.92 NOTE
r-devel-linux-x86_64-fedora-gcc 1.0-10 44.34 OK
r-devel-windows-ix86+x86_64 1.0-10 19.00 58.00 77.00 NOTE
r-patched-linux-x86_64 1.0-10 5.54 30.46 36.00 OK
r-patched-solaris-x86 1.0-10 71.30 NOTE
r-release-linux-x86_64 1.0-10 6.26 30.47 36.73 OK
r-release-macos-x86_64 1.0-10 NOTE
r-release-windows-ix86+x86_64 1.0-10 15.00 52.00 67.00 NOTE
r-oldrel-macos-x86_64 1.0-10 NOTE
r-oldrel-windows-ix86+x86_64 1.0-10 12.00 52.00 64.00 NOTE

Check Details

Version: 1.0-10
Check: whether package can be installed
Result: ERROR
    Installation failed.
Flavor: r-devel-linux-x86_64-debian-gcc

Version: 1.0-10
Check: installed package size
Result: NOTE
     installed size is 8.5Mb
     sub-directories of 1Mb or more:
     data 1.2Mb
     rda 7.1Mb
Flavors: r-devel-linux-x86_64-fedora-clang, r-devel-windows-ix86+x86_64, r-patched-solaris-x86, r-release-macos-x86_64, r-release-windows-ix86+x86_64, r-oldrel-macos-x86_64, r-oldrel-windows-ix86+x86_64