CRAN Package Check Results for Package TIMP

Last updated on 2022-05-22 06:52:14 CEST.

Flavor Version Tinstall Tcheck Ttotal Status Flags
r-devel-linux-x86_64-debian-clang 1.13.2 25.25 192.79 218.04 NOTE
r-devel-linux-x86_64-debian-gcc 1.13.2 20.32 140.00 160.32 NOTE
r-devel-linux-x86_64-fedora-clang 1.13.2 245.21 NOTE
r-devel-linux-x86_64-fedora-gcc 1.13.2 243.03 NOTE
r-devel-windows-x86_64 1.13.2 55.00 197.00 252.00 OK
r-patched-linux-x86_64 1.13.2 24.08 174.94 199.02 NOTE
r-release-linux-x86_64 1.13.2 23.50 176.62 200.12 NOTE
r-release-macos-arm64 1.13.2 46.00 OK
r-release-macos-x86_64 1.13.2 122.00 OK
r-release-windows-x86_64 1.13.2 58.00 193.00 251.00 OK
r-oldrel-macos-arm64 1.13.2 63.00 OK
r-oldrel-macos-x86_64 1.13.2 105.00 OK
r-oldrel-windows-ix86+x86_64 1.13.2 45.00 272.00 317.00 OK

Check Details

Version: 1.13.2
Check: for non-standard things in the check directory
Result: NOTE
    Found the following files/directories:
     '_paramEst.txt'
Flavors: r-devel-linux-x86_64-debian-clang, r-devel-linux-x86_64-debian-gcc, r-devel-linux-x86_64-fedora-clang, r-devel-linux-x86_64-fedora-gcc, r-patched-linux-x86_64, r-release-linux-x86_64