CRAN Package Check Results for Package TcGSA

Last updated on 2024-04-20 06:58:58 CEST.

Flavor Version Tinstall Tcheck Ttotal Status Flags
r-devel-linux-x86_64-debian-clang 0.12.10 20.08 147.84 167.92 NOTE
r-devel-linux-x86_64-debian-gcc 0.12.10 14.94 111.45 126.39 NOTE
r-devel-linux-x86_64-fedora-clang 0.12.10 208.30 OK
r-devel-linux-x86_64-fedora-gcc 0.12.10 225.01 OK
r-prerel-macos-arm64 0.12.10 59.00 OK
r-prerel-macos-x86_64 0.12.10 112.00 OK
r-prerel-windows-x86_64 0.12.10 15.00 221.00 236.00 OK
r-patched-linux-x86_64 0.12.10 22.64 146.58 169.22 OK
r-release-linux-x86_64 0.12.10 13.84 147.40 161.24 OK
r-release-macos-arm64 0.12.10 76.00 NOTE
r-release-macos-x86_64 0.12.10 91.00 NOTE
r-release-windows-x86_64 0.12.10 21.00 197.00 218.00 OK
r-oldrel-macos-arm64 0.12.10 68.00 OK
r-oldrel-windows-x86_64 0.12.10 24.00 283.00 307.00 OK

Check Details

Version: 0.12.10
Check: package dependencies
Result: NOTE Package suggested but not available for checking: ‘GEOquery’ Flavors: r-devel-linux-x86_64-debian-clang, r-devel-linux-x86_64-debian-gcc

Version: 0.12.10
Check: package dependencies
Result: NOTE Packages suggested but not available for checking: 'dearseq', 'GEOquery' Flavor: r-release-macos-arm64

Version: 0.12.10
Check: Rd cross-references
Result: NOTE Package unavailable to check Rd xrefs: ‘dearseq’ Flavors: r-release-macos-arm64, r-release-macos-x86_64

Version: 0.12.10
Check: package dependencies
Result: NOTE Package suggested but not available for checking: ‘dearseq’ Flavor: r-release-macos-x86_64