Last updated on 2023-04-01 07:10:53 CEST.
Flavor | Version | Tinstall | Tcheck | Ttotal | Status | Flags |
---|---|---|---|---|---|---|
r-devel-linux-x86_64-debian-clang | 0.12.10 | 19.40 | 155.97 | 175.37 | OK | |
r-devel-linux-x86_64-debian-gcc | 0.12.10 | 13.99 | 114.20 | 128.19 | OK | |
r-devel-linux-x86_64-fedora-clang | 0.12.10 | 234.96 | NOTE | |||
r-devel-linux-x86_64-fedora-gcc | 0.12.10 | 227.49 | OK | |||
r-devel-windows-x86_64 | 0.12.10 | 29.00 | 176.00 | 205.00 | OK | |
r-patched-linux-x86_64 | 0.12.10 | 29.82 | 143.31 | 173.13 | OK | |
r-release-linux-x86_64 | 0.12.10 | 17.39 | 139.66 | 157.05 | OK | |
r-release-macos-arm64 | 0.12.10 | 68.00 | OK | |||
r-release-macos-x86_64 | 0.12.10 | 112.00 | NOTE | |||
r-release-windows-x86_64 | 0.12.10 | 31.00 | 281.00 | 312.00 | OK | |
r-oldrel-macos-arm64 | 0.12.10 | 73.00 | NOTE | |||
r-oldrel-macos-x86_64 | 0.12.10 | 88.00 | NOTE | |||
r-oldrel-windows-ix86+x86_64 | 0.12.10 | 39.00 | 337.00 | 376.00 | OK |
Version: 0.12.10
Check: package dependencies
Result: NOTE
Package suggested but not available for checking: ‘dearseq’
Flavors: r-devel-linux-x86_64-fedora-clang, r-release-macos-x86_64, r-oldrel-macos-arm64, r-oldrel-macos-x86_64
Version: 0.12.10
Check: Rd cross-references
Result: NOTE
Package unavailable to check Rd xrefs: ‘dearseq’
Flavors: r-devel-linux-x86_64-fedora-clang, r-release-macos-x86_64, r-oldrel-macos-arm64, r-oldrel-macos-x86_64