CRAN Package Check Results for Package TeachingDemos

Last updated on 2022-08-13 07:11:48 CEST.

Flavor Version Tinstall Tcheck Ttotal Status Flags
r-devel-linux-x86_64-debian-clang 2.12 16.14 96.90 113.04 NOTE
r-devel-linux-x86_64-debian-gcc 2.12 10.99 70.52 81.51 NOTE
r-devel-linux-x86_64-fedora-clang 2.12 138.61 NOTE
r-devel-linux-x86_64-fedora-gcc 2.12 137.34 NOTE
r-devel-windows-x86_64 2.12 186.00 117.00 303.00 NOTE
r-patched-linux-x86_64 2.12 17.12 91.86 108.98 NOTE
r-release-linux-x86_64 2.12 13.80 90.72 104.52 NOTE
r-release-macos-arm64 2.12 34.00 NOTE
r-release-macos-x86_64 2.12 52.00 NOTE
r-release-windows-x86_64 2.12 182.00 118.00 300.00 OK
r-oldrel-macos-arm64 2.12 44.00 NOTE
r-oldrel-macos-x86_64 2.12 81.00 NOTE
r-oldrel-windows-ix86+x86_64 2.12 25.00 112.00 137.00 OK

Check Details

Version: 2.12
Check: package dependencies
Result: NOTE
    Package suggested but not available for checking: 'R2wd'
Flavors: r-devel-linux-x86_64-debian-clang, r-devel-linux-x86_64-debian-gcc, r-devel-linux-x86_64-fedora-clang, r-devel-linux-x86_64-fedora-gcc, r-patched-linux-x86_64, r-release-linux-x86_64, r-release-macos-arm64, r-release-macos-x86_64, r-oldrel-macos-arm64, r-oldrel-macos-x86_64

Version: 2.12
Check: Rd files
Result: NOTE
    checkRd: (-1) R2txt.Rd:164: Escaped LaTeX specials: \#
    checkRd: (-1) bct.Rd:18: Escaped LaTeX specials: \^
    checkRd: (-1) bct.Rd:19: Escaped LaTeX specials: \^
    checkRd: (-1) ineq.Rd:10: Escaped LaTeX specials: \&
    checkRd: (-1) put.points.demo.Rd:39: Escaped LaTeX specials: \^
    checkRd: (-1) run.cor.examp.Rd:10: Escaped LaTeX specials: \^
    checkRd: (-1) run.cor.examp.Rd:31: Escaped LaTeX specials: \^
Flavors: r-devel-linux-x86_64-debian-clang, r-devel-linux-x86_64-debian-gcc, r-devel-linux-x86_64-fedora-clang, r-devel-linux-x86_64-fedora-gcc, r-devel-windows-x86_64