CRAN Package Check Results for Package TidyConsultant

Last updated on 2022-05-18 06:50:55 CEST.

Flavor Version Tinstall Tcheck Ttotal Status Flags
r-devel-linux-x86_64-debian-clang 0.1.0 2.79 31.97 34.76 OK
r-devel-linux-x86_64-debian-gcc 0.1.0 2.28 25.14 27.42 OK
r-devel-linux-x86_64-fedora-clang 0.1.0 43.07 NOTE
r-devel-linux-x86_64-fedora-gcc 0.1.0 44.06 NOTE
r-devel-windows-x86_64 0.1.0 15.00 204.00 219.00 OK
r-patched-linux-x86_64 0.1.0 2.58 31.50 34.08 OK
r-release-linux-x86_64 0.1.0 2.39 31.22 33.61 OK
r-release-macos-arm64 0.1.0 17.00 NOTE
r-release-macos-x86_64 0.1.0 25.00 NOTE
r-release-windows-x86_64 0.1.0 15.00 54.00 69.00 OK
r-oldrel-macos-arm64 0.1.0 16.00 NOTE
r-oldrel-macos-x86_64 0.1.0 23.00 NOTE
r-oldrel-windows-ix86+x86_64 0.1.0 12.00 44.00 56.00 OK

Check Details

Version: 0.1.0
Check: dependencies in R code
Result: NOTE
    Namespaces in Imports field not imported from:
     ‘autostats’ ‘badger’ ‘framecleaner’ ‘presenter’ ‘tidybins’ ‘validata’
     All declared Imports should be used.
Flavors: r-devel-linux-x86_64-fedora-clang, r-devel-linux-x86_64-fedora-gcc, r-release-macos-arm64, r-release-macos-x86_64, r-oldrel-macos-arm64, r-oldrel-macos-x86_64