CRAN Package Check Results for Package TimeVizPro

Last updated on 2024-06-13 06:58:21 CEST.

Flavor Version Tinstall Tcheck Ttotal Status Flags
r-devel-linux-x86_64-debian-clang 1.0.1 7.41 58.36 65.77 OK
r-devel-linux-x86_64-debian-gcc 1.0.1 0.24 1.59 1.83 ERROR
r-devel-linux-x86_64-fedora-clang 1.0.1 83.83 OK
r-devel-linux-x86_64-fedora-gcc 1.0.1 76.38 OK
r-devel-windows-x86_64 1.0.1 8.00 72.00 80.00 OK
r-patched-linux-x86_64 1.0.1 5.95 55.16 61.11 OK
r-release-linux-x86_64 1.0.1 5.74 55.33 61.07 OK
r-release-macos-arm64 1.0.1 27.00 OK
r-release-macos-x86_64 1.0.1 40.00 OK
r-release-windows-x86_64 1.0.1 8.00 63.00 71.00 OK
r-oldrel-macos-arm64 1.0.1 31.00 OK
r-oldrel-macos-x86_64 1.0.1 57.00 OK
r-oldrel-windows-x86_64 1.0.1 9.00 71.00 80.00 OK

Check Details

Version: 1.0.1
Check: package dependencies
Result: ERROR Packages required but not available: 'ggplot2', 'ggiraph', 'dplyr' See section ‘The DESCRIPTION file’ in the ‘Writing R Extensions’ manual. Flavor: r-devel-linux-x86_64-debian-gcc