Last updated on 2023-09-24 06:53:51 CEST.
Flavor | Version | Tinstall | Tcheck | Ttotal | Status | Flags |
---|---|---|---|---|---|---|
r-devel-linux-x86_64-debian-clang | 1.0.8 | 11.07 | 153.66 | 164.73 | NOTE | |
r-devel-linux-x86_64-debian-gcc | 1.0.8 | 8.37 | 122.00 | 130.37 | NOTE | |
r-devel-linux-x86_64-fedora-clang | 1.0.8 | 197.30 | NOTE | |||
r-devel-linux-x86_64-fedora-gcc | 1.0.8 | 235.69 | NOTE | |||
r-devel-windows-x86_64 | 1.0.8 | 13.00 | 187.00 | 200.00 | NOTE | |
r-patched-linux-x86_64 | 1.0.8 | 8.88 | 156.83 | 165.71 | NOTE | |
r-release-linux-x86_64 | 1.0.8 | 8.04 | 159.95 | 167.99 | NOTE | |
r-release-macos-arm64 | 1.0.8 | 83.00 | NOTE | |||
r-release-macos-x86_64 | 1.0.8 | 124.00 | NOTE | |||
r-release-windows-x86_64 | 1.0.8 | 16.00 | 255.00 | 271.00 | NOTE | |
r-oldrel-macos-arm64 | 1.0.8 | 96.00 | NOTE | |||
r-oldrel-macos-x86_64 | 1.0.8 | 130.00 | NOTE | |||
r-oldrel-windows-x86_64 | 1.0.8 | 15.00 | 171.00 | 186.00 | NOTE |
Version: 1.0.8
Check: package dependencies
Result: NOTE
Packages suggested but not available for checking:
'RGtk2', 'gWidgets2RGtk2'
Flavors: r-devel-linux-x86_64-debian-clang, r-devel-linux-x86_64-debian-gcc, r-devel-linux-x86_64-fedora-clang, r-devel-linux-x86_64-fedora-gcc, r-devel-windows-x86_64, r-patched-linux-x86_64, r-release-linux-x86_64, r-release-macos-arm64, r-release-macos-x86_64, r-release-windows-x86_64, r-oldrel-macos-arm64, r-oldrel-macos-x86_64
Version: 1.0.8
Check: package dependencies
Result: NOTE
Package suggested but not available for checking: 'RGtk2'
Flavor: r-oldrel-windows-x86_64