CRAN Package Check Results for Package TopKLists

Last updated on 2022-10-01 07:08:12 CEST.

Flavor Version Tinstall Tcheck Ttotal Status Flags
r-devel-linux-x86_64-debian-clang 1.0.8 14.12 208.49 222.61 NOTE
r-devel-linux-x86_64-debian-gcc 1.0.8 12.09 164.21 176.30 NOTE
r-devel-linux-x86_64-fedora-clang 1.0.8 292.10 NOTE
r-devel-linux-x86_64-fedora-gcc 1.0.8 303.81 NOTE
r-devel-windows-x86_64 1.0.8 43.00 244.00 287.00 OK
r-patched-linux-x86_64 1.0.8 9.86 212.56 222.42 NOTE
r-release-linux-x86_64 1.0.8 10.12 211.56 221.68 NOTE
r-release-macos-arm64 1.0.8 96.00 NOTE
r-release-macos-x86_64 1.0.8 130.00 NOTE
r-release-windows-x86_64 1.0.8 40.00 255.00 295.00 OK
r-oldrel-macos-arm64 1.0.8 86.00 NOTE
r-oldrel-macos-x86_64 1.0.8 133.00 OK
r-oldrel-windows-ix86+x86_64 1.0.8 38.00 296.00 334.00 OK

Check Details

Version: 1.0.8
Check: package dependencies
Result: NOTE
    Packages suggested but not available for checking:
     'RGtk2', 'gWidgets2RGtk2'
Flavors: r-devel-linux-x86_64-debian-clang, r-devel-linux-x86_64-debian-gcc, r-devel-linux-x86_64-fedora-clang, r-devel-linux-x86_64-fedora-gcc, r-patched-linux-x86_64, r-release-linux-x86_64, r-release-macos-arm64, r-release-macos-x86_64, r-oldrel-macos-arm64