CRAN Package Check Results for Package TraMineR

Last updated on 2020-10-20 06:47:00 CEST.

Flavor Version Tinstall Tcheck Ttotal Status Flags
r-devel-linux-x86_64-debian-clang 2.2-0.1 43.81 251.51 295.32 OK
r-devel-linux-x86_64-debian-gcc 2.2-0.1 28.33 188.77 217.10 OK
r-devel-linux-x86_64-fedora-clang 2.2-0.1 361.09 NOTE
r-devel-linux-x86_64-fedora-gcc 2.2-0.1 343.61 OK
r-devel-windows-ix86+x86_64 2.2-0.1 75.00 292.00 367.00 OK
r-patched-linux-x86_64 2.2-0.1 37.67 232.77 270.44 OK
r-patched-solaris-x86 2.2-0.1 462.20 OK
r-release-linux-x86_64 2.2-0.1 35.89 232.60 268.49 OK
r-release-macos-x86_64 2.2-0.1 OK
r-release-windows-ix86+x86_64 2.2-0.1 93.00 387.00 480.00 OK
r-oldrel-macos-x86_64 2.2-0.1 OK
r-oldrel-windows-ix86+x86_64 2.2-0.1 63.00 269.00 332.00 OK

Check Details

Version: 2.2-0.1
Check: Rd cross-references
Result: NOTE
    Undeclared package ‘TraMineRextras’ in Rd xrefs
Flavor: r-devel-linux-x86_64-fedora-clang