CRAN Package Check Results for Package TrenchR

Last updated on 2024-05-19 06:57:50 CEST.

Flavor Version Tinstall Tcheck Ttotal Status Flags
r-devel-linux-x86_64-debian-clang 1.1.1 14.12 180.13 194.25 NOTE
r-devel-linux-x86_64-debian-gcc 1.1.1 10.40 133.00 143.40 NOTE
r-devel-linux-x86_64-fedora-clang 1.1.1 238.83 NOTE
r-devel-linux-x86_64-fedora-gcc 1.1.1 310.12 NOTE
r-devel-windows-x86_64 1.1.1 12.00 169.00 181.00 NOTE
r-patched-linux-x86_64 1.1.1 17.69 172.25 189.94 NOTE
r-release-linux-x86_64 1.1.1 15.78 171.28 187.06 NOTE
r-release-macos-arm64 1.1.1 68.00 NOTE
r-release-windows-x86_64 1.1.1 13.00 169.00 182.00 NOTE
r-oldrel-macos-arm64 1.1.1 89.00 OK
r-oldrel-macos-x86_64 1.1.1 143.00 OK
r-oldrel-windows-x86_64 1.1.1 17.00 209.00 226.00 OK

Check Details

Version: 1.1.1
Check: Rd files
Result: NOTE checkRd: (-1) DRYAIR.Rd:18: Lost braces in \itemize; \value handles \item{}{} directly checkRd: (-1) DRYAIR.Rd:19: Lost braces in \itemize; \value handles \item{}{} directly checkRd: (-1) DRYAIR.Rd:20: Lost braces in \itemize; \value handles \item{}{} directly checkRd: (-1) DRYAIR.Rd:21: Lost braces in \itemize; \value handles \item{}{} directly checkRd: (-1) DRYAIR.Rd:22: Lost braces in \itemize; \value handles \item{}{} directly checkRd: (-1) DRYAIR.Rd:23: Lost braces in \itemize; \value handles \item{}{} directly checkRd: (-1) DRYAIR.Rd:24: Lost braces in \itemize; \value handles \item{}{} directly checkRd: (-1) DRYAIR.Rd:25: Lost braces in \itemize; \value handles \item{}{} directly checkRd: (-1) DRYAIR.Rd:26: Lost braces in \itemize; \value handles \item{}{} directly checkRd: (-1) DRYAIR.Rd:27: Lost braces in \itemize; \value handles \item{}{} directly checkRd: (-1) DRYAIR.Rd:28: Lost braces in \itemize; \value handles \item{}{} directly checkRd: (-1) WETAIR.Rd:41: Lost braces in \itemize; meant \describe ? checkRd: (-1) WETAIR.Rd:42: Lost braces in \itemize; meant \describe ? checkRd: (-1) WETAIR.Rd:22: Lost braces in \itemize; \value handles \item{}{} directly checkRd: (-1) WETAIR.Rd:23: Lost braces in \itemize; \value handles \item{}{} directly checkRd: (-1) WETAIR.Rd:24: Lost braces in \itemize; \value handles \item{}{} directly checkRd: (-1) WETAIR.Rd:25: Lost braces in \itemize; \value handles \item{}{} directly checkRd: (-1) WETAIR.Rd:26: Lost braces in \itemize; \value handles \item{}{} directly checkRd: (-1) WETAIR.Rd:27: Lost braces in \itemize; \value handles \item{}{} directly checkRd: (-1) WETAIR.Rd:28: Lost braces in \itemize; \value handles \item{}{} directly checkRd: (-1) WETAIR.Rd:29: Lost braces in \itemize; \value handles \item{}{} directly checkRd: (-1) WETAIR.Rd:30: Lost braces in \itemize; \value handles \item{}{} directly checkRd: (-1) diurnal_temp_variation_sineexp.Rd:41: Lost braces in \itemize; meant \describe ? checkRd: (-1) diurnal_temp_variation_sineexp.Rd:42: Lost braces in \itemize; meant \describe ? checkRd: (-1) diurnal_temp_variation_sineexp.Rd:43: Lost braces in \itemize; meant \describe ? checkRd: (-1) diurnal_temp_variation_sineexp.Rd:44: Lost braces in \itemize; meant \describe ? Flavors: r-devel-linux-x86_64-debian-clang, r-devel-linux-x86_64-debian-gcc, r-devel-linux-x86_64-fedora-clang, r-devel-linux-x86_64-fedora-gcc, r-devel-windows-x86_64, r-patched-linux-x86_64, r-release-linux-x86_64, r-release-macos-arm64, r-release-windows-x86_64