CRAN Package Check Results for Package TukeyRegion

Last updated on 2021-06-19 06:48:29 CEST.

Flavor Version Tinstall Tcheck Ttotal Status Flags
r-devel-linux-x86_64-debian-clang 0.1.4 99.44 54.23 153.67 OK
r-devel-linux-x86_64-debian-gcc 0.1.4 69.73 42.74 112.47 OK
r-devel-linux-x86_64-fedora-clang 0.1.4 220.56 OK
r-devel-linux-x86_64-fedora-gcc 0.1.4 197.30 OK
r-devel-windows-x86_64 0.1.4 125.00 91.00 216.00 OK
r-devel-windows-x86_64-gcc10-UCRT 0.1.4 OK
r-patched-linux-x86_64 0.1.4 86.59 53.12 139.71 OK
r-patched-solaris-x86 0.1.4 211.60 OK
r-release-linux-x86_64 0.1.4 79.11 52.67 131.78 OK
r-release-macos-arm64 0.1.4 NOTE
r-release-macos-x86_64 0.1.4 OK
r-release-windows-ix86+x86_64 0.1.4 241.00 122.00 363.00 OK
r-oldrel-macos-x86_64 0.1.4 OK
r-oldrel-windows-ix86+x86_64 0.1.4 184.00 126.00 310.00 OK

Check Details

Version: 0.1.4
Check: installed package size
Result: NOTE
     installed size is 6.1Mb
     sub-directories of 1Mb or more:
     libs 6.0Mb
Flavor: r-release-macos-arm64