CRAN Package Check Results for Package UPCM

Last updated on 2023-01-28 07:15:10 CET.

Flavor Version Tinstall Tcheck Ttotal Status Flags
r-devel-linux-x86_64-debian-clang 0.0-3 60.66 80.60 141.26 OK
r-devel-linux-x86_64-debian-gcc 0.0-3 43.07 61.49 104.56 NOTE
r-devel-linux-x86_64-fedora-clang 0.0-3 190.98 OK
r-devel-linux-x86_64-fedora-gcc 0.0-3 172.08 NOTE
r-devel-windows-x86_64 0.0-3 52.00 125.00 177.00 OK
r-patched-linux-x86_64 0.0-3 46.48 79.61 126.09 OK
r-release-linux-x86_64 0.0-3 46.63 78.23 124.86 OK
r-release-macos-arm64 0.0-3 52.00 NOTE
r-release-macos-x86_64 0.0-3 65.00 NOTE
r-release-windows-x86_64 0.0-3 45.00 126.00 171.00 OK
r-oldrel-macos-arm64 0.0-3 56.00 NOTE
r-oldrel-macos-x86_64 0.0-3 92.00 NOTE
r-oldrel-windows-ix86+x86_64 0.0-3 128.00 149.00 277.00 OK

Check Details

Version: 0.0-3
Check: C++ specification
Result: NOTE
     Specified C++11: please update to current default of C++17
Flavors: r-devel-linux-x86_64-debian-gcc, r-devel-linux-x86_64-fedora-gcc

Version: 0.0-3
Check: installed package size
Result: NOTE
     installed size is 5.3Mb
     sub-directories of 1Mb or more:
     libs 5.2Mb
Flavors: r-release-macos-arm64, r-release-macos-x86_64, r-oldrel-macos-arm64, r-oldrel-macos-x86_64