CRAN Package Check Results for Package UPG

Last updated on 2021-04-17 06:47:01 CEST.

Flavor Version Tinstall Tcheck Ttotal Status Flags
r-devel-linux-x86_64-debian-clang 0.2.2 106.29 69.04 175.33 OK
r-devel-linux-x86_64-debian-gcc 0.2.2 71.69 51.60 123.29 OK
r-devel-linux-x86_64-fedora-clang 0.2.2 240.68 NOTE
r-devel-linux-x86_64-fedora-gcc 0.2.2 219.47 NOTE
r-devel-windows-ix86+x86_64 0.2.2 241.00 149.00 390.00 OK
r-devel-windows-x86_64-gcc10-UCRT 0.2.2 NOTE
r-patched-linux-x86_64 0.2.2 86.09 64.75 150.84 OK
r-patched-solaris-x86 0.2.2 222.30 NOTE
r-release-linux-x86_64 0.2.2 82.67 64.05 146.72 OK
r-release-macos-x86_64 0.2.2 NOTE
r-release-windows-ix86+x86_64 0.2.2 207.00 139.00 346.00 OK
r-oldrel-macos-x86_64 0.2.2 NOTE
r-oldrel-windows-ix86+x86_64 0.2.2 154.00 95.00 249.00 OK

Check Details

Version: 0.2.2
Check: installed package size
Result: NOTE
     installed size is 6.9Mb
     sub-directories of 1Mb or more:
     libs 6.2Mb
Flavors: r-devel-linux-x86_64-fedora-clang, r-release-macos-x86_64, r-oldrel-macos-x86_64

Version: 0.2.2
Check: dependencies in R code
Result: NOTE
    Namespace in Imports field not imported from: ‘RcppProgress’
     All declared Imports should be used.
Flavors: r-devel-linux-x86_64-fedora-clang, r-devel-linux-x86_64-fedora-gcc, r-devel-windows-x86_64-gcc10-UCRT, r-patched-solaris-x86, r-release-macos-x86_64, r-oldrel-macos-x86_64