CRAN Package Check Results for Package USgrid

Last updated on 2021-01-16 06:51:26 CET.

Flavor Version Tinstall Tcheck Ttotal Status Flags
r-devel-linux-x86_64-debian-clang 0.1.1 3.74 30.47 34.21 OK
r-devel-linux-x86_64-debian-gcc 0.1.1 3.62 24.51 28.13 OK
r-devel-linux-x86_64-fedora-clang 0.1.1 53.01 NOTE
r-devel-linux-x86_64-fedora-gcc 0.1.1 41.06 NOTE
r-devel-windows-ix86+x86_64 0.1.1 7.00 44.00 51.00 OK
r-patched-linux-x86_64 0.1.1 3.72 29.63 33.35 OK
r-patched-solaris-x86 0.1.1 64.70 NOTE
r-release-linux-x86_64 0.1.1 3.30 29.32 32.62 OK
r-release-macos-x86_64 0.1.1 NOTE
r-release-windows-ix86+x86_64 0.1.1 7.00 43.00 50.00 OK
r-oldrel-macos-x86_64 0.1.1 NOTE
r-oldrel-windows-ix86+x86_64 0.1.1 7.00 40.00 47.00 OK

Check Details

Version: 0.1.1
Check: dependencies in R code
Result: NOTE
    Namespace in Imports field not imported from: ‘tsibble’
     All declared Imports should be used.
Flavors: r-devel-linux-x86_64-fedora-clang, r-devel-linux-x86_64-fedora-gcc, r-patched-solaris-x86, r-release-macos-x86_64, r-oldrel-macos-x86_64