CRAN Package Check Results for Package USgrid

Last updated on 2022-09-27 07:50:58 CEST.

Flavor Version Tinstall Tcheck Ttotal Status Flags
r-devel-linux-x86_64-debian-clang 0.1.2 3.83 34.04 37.87 OK
r-devel-linux-x86_64-debian-gcc 0.1.2 3.54 27.08 30.62 OK
r-devel-linux-x86_64-fedora-clang 0.1.2 58.76 NOTE
r-devel-linux-x86_64-fedora-gcc 0.1.2 59.14 NOTE
r-devel-windows-x86_64 0.1.2 10.00 64.00 74.00 OK
r-patched-linux-x86_64 0.1.2 4.40 32.72 37.12 OK
r-release-linux-x86_64 0.1.2 3.97 32.10 36.07 OK
r-release-macos-arm64 0.1.2 20.00 NOTE
r-release-macos-x86_64 0.1.2 36.00 NOTE
r-release-windows-x86_64 0.1.2 8.00 65.00 73.00 OK
r-oldrel-macos-arm64 0.1.2 25.00 NOTE
r-oldrel-macos-x86_64 0.1.2 30.00 NOTE
r-oldrel-windows-ix86+x86_64 0.1.2 10.00 63.00 73.00 OK

Check Details

Version: 0.1.2
Check: dependencies in R code
Result: NOTE
    Namespace in Imports field not imported from: ‘tsibble’
     All declared Imports should be used.
Flavors: r-devel-linux-x86_64-fedora-clang, r-devel-linux-x86_64-fedora-gcc, r-release-macos-arm64, r-release-macos-x86_64, r-oldrel-macos-arm64, r-oldrel-macos-x86_64