CRAN Package Check Results for Package Umatrix

Last updated on 2020-09-25 06:50:13 CEST.

Flavor Version Tinstall Tcheck Ttotal Status Flags
r-devel-linux-x86_64-debian-clang 3.3 60.36 107.86 168.22 OK
r-devel-linux-x86_64-debian-gcc 3.3 39.18 76.86 116.04 OK
r-devel-linux-x86_64-fedora-clang 3.3 223.20 OK
r-devel-linux-x86_64-fedora-gcc 3.3 194.88 OK
r-devel-windows-ix86+x86_64 3.3 138.00 202.00 340.00 OK
r-patched-linux-x86_64 3.3 37.23 98.09 135.32 OK
r-patched-solaris-x86 3.3 230.40 OK
r-release-linux-x86_64 3.3 36.46 98.13 134.59 OK
r-release-macos-x86_64 3.3 OK
r-release-windows-ix86+x86_64 3.3 141.00 194.00 335.00 OK
r-oldrel-macos-x86_64 3.3 NOTE
r-oldrel-windows-ix86+x86_64 3.3 131.00 192.00 323.00 OK

Check Details

Version: 3.3
Check: dependencies in R code
Result: NOTE
    No protocol specified
Flavor: r-oldrel-macos-x86_64