CRAN Package Check Results for Package UncDecomp

Last updated on 2022-01-26 06:50:32 CET.

Flavor Version Tinstall Tcheck Ttotal Status Flags
r-devel-linux-x86_64-debian-clang 1.0.1 6.05 60.85 66.90 NOTE
r-devel-linux-x86_64-debian-gcc 1.0.1 4.36 46.46 50.82 NOTE
r-devel-linux-x86_64-fedora-clang 1.0.1 79.12 NOTE
r-devel-linux-x86_64-fedora-gcc 1.0.1 72.85 NOTE
r-devel-windows-x86_64-new-UL 1.0.1 42.00 82.00 124.00 NOTE
r-devel-windows-x86_64-new-TK 1.0.1 NOTE
r-patched-linux-x86_64 1.0.1 4.78 55.55 60.33 NOTE
r-release-linux-x86_64 1.0.1 4.72 55.38 60.10 NOTE
r-release-macos-arm64 1.0.1 NOTE
r-release-macos-x86_64 1.0.1 NOTE
r-release-windows-ix86+x86_64 1.0.1 14.00 70.00 84.00 NOTE
r-oldrel-macos-x86_64 1.0.1 NOTE
r-oldrel-windows-ix86+x86_64 1.0.1 15.00 70.00 85.00 OK

Check Details

Version: 1.0.1
Check: LazyData
Result: NOTE
     'LazyData' is specified without a 'data' directory
Flavors: r-devel-linux-x86_64-debian-clang, r-devel-linux-x86_64-debian-gcc, r-devel-linux-x86_64-fedora-clang, r-devel-linux-x86_64-fedora-gcc, r-devel-windows-x86_64-new-UL, r-devel-windows-x86_64-new-TK, r-patched-linux-x86_64, r-release-linux-x86_64, r-release-macos-arm64, r-release-macos-x86_64, r-release-windows-ix86+x86_64

Version: 1.0.1
Check: dependencies in R code
Result: NOTE
    Namespace in Imports field not imported from: ‘dplyr’
     All declared Imports should be used.
Flavors: r-devel-linux-x86_64-fedora-clang, r-devel-linux-x86_64-fedora-gcc, r-devel-windows-x86_64-new-TK, r-release-macos-arm64, r-release-macos-x86_64, r-oldrel-macos-x86_64