CRAN Package Check Results for Package VARSELECTEXPOSURE

Last updated on 2023-02-02 06:55:10 CET.

Flavor Version Tinstall Tcheck Ttotal Status Flags
r-devel-linux-x86_64-debian-clang 1.0.1 28.10 54.37 82.47 OK
r-devel-linux-x86_64-debian-gcc 1.0.1 20.24 39.07 59.31 OK
r-devel-linux-x86_64-fedora-clang 1.0.1 112.52 NOTE
r-devel-linux-x86_64-fedora-gcc 1.0.1 100.58 NOTE
r-patched-linux-x86_64 1.0.1 23.40 50.60 74.00 OK
r-release-linux-x86_64 1.0.1 21.94 51.31 73.25 OK
r-release-macos-arm64 1.0.1 24.00 NOTE
r-release-macos-x86_64 1.0.1 42.00 NOTE
r-release-windows-x86_64 1.0.1 36.00 112.00 148.00 OK
r-oldrel-macos-arm64 1.0.1 24.00 NOTE
r-oldrel-macos-x86_64 1.0.1 47.00 NOTE
r-oldrel-windows-ix86+x86_64 1.0.1 74.00 131.00 205.00 OK

Check Details

Version: 1.0.1
Check: dependencies in R code
Result: NOTE
    Namespace in Imports field not imported from: ‘Rcpp’
     All declared Imports should be used.
Flavors: r-devel-linux-x86_64-fedora-clang, r-devel-linux-x86_64-fedora-gcc, r-release-macos-arm64, r-release-macos-x86_64, r-oldrel-macos-arm64, r-oldrel-macos-x86_64