CRAN Package Check Results for Package VBTree

Last updated on 2022-01-22 06:49:09 CET.

Flavor Version Tinstall Tcheck Ttotal Status Flags
r-devel-linux-x86_64-debian-clang 0.1.0 2.33 38.54 40.87 NOTE
r-devel-linux-x86_64-debian-gcc 0.1.0 2.23 29.55 31.78 NOTE
r-devel-linux-x86_64-fedora-clang 0.1.0 52.65 OK
r-devel-linux-x86_64-fedora-gcc 0.1.0 39.45 OK
r-devel-windows-x86_64-new-UL 0.1.0 25.00 62.00 87.00 NOTE
r-devel-windows-x86_64-new-TK 0.1.0 OK
r-patched-linux-x86_64 0.1.0 2.56 36.31 38.87 NOTE
r-release-linux-x86_64 0.1.0 2.44 36.08 38.52 NOTE
r-release-macos-arm64 0.1.0 OK
r-release-macos-x86_64 0.1.0 OK
r-release-windows-ix86+x86_64 0.1.0 7.00 48.00 55.00 NOTE
r-oldrel-macos-x86_64 0.1.0 OK
r-oldrel-windows-ix86+x86_64 0.1.0 6.00 48.00 54.00 NOTE

Check Details

Version: 0.1.0
Check: package vignettes
Result: NOTE
    Package vignette with placeholder title 'Vignette Title':
     'VBTree_vignette.Rmd'
Flavors: r-devel-linux-x86_64-debian-clang, r-devel-linux-x86_64-debian-gcc, r-devel-windows-x86_64-new-UL, r-patched-linux-x86_64, r-release-linux-x86_64, r-release-windows-ix86+x86_64, r-oldrel-windows-ix86+x86_64