CRAN Package Check Results for Package VHDClassification

Last updated on 2021-01-19 06:51:20 CET.

Flavor Version Tinstall Tcheck Ttotal Status Flags
r-devel-linux-x86_64-debian-clang 0.3 3.59 88.38 91.97 NOTE
r-devel-linux-x86_64-debian-gcc 0.3 3.35 67.29 70.64 NOTE
r-devel-linux-x86_64-fedora-clang 0.3 115.95 NOTE
r-devel-linux-x86_64-fedora-gcc 0.3 108.68 NOTE
r-devel-windows-ix86+x86_64 0.3 8.00 87.00 95.00 NOTE
r-patched-linux-x86_64 0.3 4.60 85.85 90.45 NOTE
r-patched-solaris-x86 0.3 157.70 NOTE
r-release-linux-x86_64 0.3 3.49 85.93 89.42 NOTE
r-release-macos-x86_64 0.3 NOTE
r-release-windows-ix86+x86_64 0.3 10.00 82.00 92.00 NOTE
r-oldrel-macos-x86_64 0.3 NOTE
r-oldrel-windows-ix86+x86_64 0.3 5.00 81.00 86.00 NOTE

Check Details

Version: 0.3
Check: DESCRIPTION meta-information
Result: NOTE
    Malformed Title field: should not end in a period.
Flavors: r-devel-linux-x86_64-debian-clang, r-devel-linux-x86_64-debian-gcc, r-devel-linux-x86_64-fedora-clang, r-devel-linux-x86_64-fedora-gcc, r-devel-windows-ix86+x86_64, r-patched-linux-x86_64, r-patched-solaris-x86, r-release-linux-x86_64, r-release-macos-x86_64, r-release-windows-ix86+x86_64, r-oldrel-macos-x86_64, r-oldrel-windows-ix86+x86_64