Last updated on 2023-01-28 07:15:10 CET.
Flavor | Version | Tinstall | Tcheck | Ttotal | Status | Flags |
---|---|---|---|---|---|---|
r-devel-linux-x86_64-debian-clang | 2.1.3.1 | 322.15 | 177.89 | 500.04 | OK | |
r-devel-linux-x86_64-debian-gcc | 2.1.3.1 | 254.59 | 115.90 | 370.49 | OK | |
r-devel-linux-x86_64-fedora-clang | 2.1.3.1 | 755.07 | OK | |||
r-devel-linux-x86_64-fedora-gcc | 2.1.3.1 | 635.02 | OK | |||
r-devel-windows-x86_64 | 2.1.3.1 | 265.00 | 222.00 | 487.00 | OK | |
r-patched-linux-x86_64 | 2.1.3.1 | 267.48 | 151.92 | 419.40 | OK | |
r-release-linux-x86_64 | 2.1.3.1 | 263.13 | 151.35 | 414.48 | OK | |
r-release-macos-arm64 | 2.1.3.1 | 148.00 | NOTE | |||
r-release-macos-x86_64 | 2.1.3.1 | 266.00 | NOTE | |||
r-release-windows-x86_64 | 2.1.3.1 | 260.00 | 232.00 | 492.00 | OK | |
r-oldrel-macos-arm64 | 2.1.3.1 | 192.00 | NOTE | |||
r-oldrel-macos-x86_64 | 2.1.3.1 | 281.00 | NOTE | |||
r-oldrel-windows-ix86+x86_64 | 2.1.3.1 | 799.00 | 282.00 | 1081.00 | OK |
Version: 2.1.3.1
Check: installed package size
Result: NOTE
installed size is 9.0Mb
sub-directories of 1Mb or more:
libs 8.2Mb
Flavors: r-release-macos-arm64, r-release-macos-x86_64, r-oldrel-macos-arm64, r-oldrel-macos-x86_64