CRAN Package Check Results for Package ViSiElse

Last updated on 2021-01-16 06:51:26 CET.

Flavor Version Tinstall Tcheck Ttotal Status Flags
r-devel-linux-x86_64-debian-clang 1.2.2 12.70 182.24 194.94 OK
r-devel-linux-x86_64-debian-gcc 1.2.2 11.02 137.41 148.43 OK
r-devel-linux-x86_64-fedora-clang 1.2.2 247.61 NOTE
r-devel-linux-x86_64-fedora-gcc 1.2.2 230.74 NOTE
r-devel-windows-ix86+x86_64 1.2.2 19.00 148.00 167.00 OK
r-patched-linux-x86_64 1.2.2 12.37 173.79 186.16 OK
r-patched-solaris-x86 1.2.2 290.30 NOTE
r-release-linux-x86_64 1.2.2 12.75 173.90 186.65 OK
r-release-macos-x86_64 1.2.2 NOTE
r-release-windows-ix86+x86_64 1.2.2 22.00 160.00 182.00 OK
r-oldrel-macos-x86_64 1.2.2 NOTE
r-oldrel-windows-ix86+x86_64 1.2.2 24.00 210.00 234.00 OK

Check Details

Version: 1.2.2
Check: dependencies in R code
Result: NOTE
    Namespaces in Imports field not imported from:
     ‘ggplot2’ ‘reshape2’
     All declared Imports should be used.
Flavors: r-devel-linux-x86_64-fedora-clang, r-devel-linux-x86_64-fedora-gcc, r-patched-solaris-x86, r-release-macos-x86_64, r-oldrel-macos-x86_64