CRAN Package Check Results for Package VoxR

Last updated on 2022-01-17 06:53:33 CET.

Flavor Version Tinstall Tcheck Ttotal Status Flags
r-devel-linux-x86_64-debian-clang 1.0.0 4.30 102.44 106.74 NOTE
r-devel-linux-x86_64-debian-gcc 1.0.0 3.15 69.41 72.56 NOTE
r-devel-linux-x86_64-fedora-clang 1.0.0 111.22 NOTE
r-devel-linux-x86_64-fedora-gcc 1.0.0 93.99 NOTE
r-devel-windows-x86_64-new-UL 1.0.0 36.00 98.00 134.00 NOTE
r-devel-windows-x86_64-new-TK 1.0.0 NOTE
r-patched-linux-x86_64 1.0.0 3.46 86.01 89.47 NOTE
r-release-linux-x86_64 1.0.0 NOTE
r-release-macos-arm64 1.0.0 NOTE
r-release-macos-x86_64 1.0.0 NOTE
r-release-windows-ix86+x86_64 1.0.0 11.00 94.00 105.00 NOTE
r-oldrel-macos-x86_64 1.0.0 OK
r-oldrel-windows-ix86+x86_64 1.0.0 11.00 100.00 111.00 OK

Check Details

Version: 1.0.0
Check: LazyData
Result: NOTE
     'LazyData' is specified without a 'data' directory
Flavors: r-devel-linux-x86_64-debian-clang, r-devel-linux-x86_64-debian-gcc, r-devel-linux-x86_64-fedora-clang, r-devel-linux-x86_64-fedora-gcc, r-devel-windows-x86_64-new-UL, r-devel-windows-x86_64-new-TK, r-patched-linux-x86_64, r-release-linux-x86_64, r-release-macos-arm64, r-release-macos-x86_64, r-release-windows-ix86+x86_64