CRAN Package Check Results for Package WRS2

Last updated on 2021-01-20 06:47:05 CET.

Flavor Version Tinstall Tcheck Ttotal Status Flags
r-devel-linux-x86_64-debian-clang 1.1-0 13.91 273.48 287.39 OK
r-devel-linux-x86_64-debian-gcc 1.1-0 10.52 192.07 202.59 OK
r-devel-linux-x86_64-fedora-clang 1.1-0 342.15 OK
r-devel-linux-x86_64-fedora-gcc 1.1-0 333.03 OK
r-devel-windows-ix86+x86_64 1.1-0 17.00 209.00 226.00 OK
r-patched-linux-x86_64 1.1-0 13.80 254.62 268.42 OK
r-patched-solaris-x86 1.1-0 383.30 OK
r-release-linux-x86_64 1.1-0 13.54 246.55 260.09 WARN
r-release-macos-x86_64 1.1-0 OK
r-release-windows-ix86+x86_64 1.1-0 19.00 218.00 237.00 OK
r-oldrel-macos-x86_64 1.1-0 OK
r-oldrel-windows-ix86+x86_64 1.1-0 16.00 203.00 219.00 OK

Check Details

Version: 1.1-0
Check: re-building of vignette outputs
Result: WARN
    Error(s) in re-building vignettes:
     ...
    --- re-building ‘WRS2.Rnw’ using knitr
    Loading required package: ggplot2
    Loading required package: Matrix
    
    Attaching package: 'Matrix'
    
    The following object is masked from 'package:reshape':
    
     expand
    
    Loading required package: mvtnorm
    Loading required package: sandwich
    mediation: Causal Mediation Analysis
    Version: 4.5.0
    
    Running nonparametric bootstrap
    
    Error: processing vignette 'WRS2.Rnw' failed with diagnostics:
    Running ‘texi2dvi’ on ‘WRS2.tex’ failed.
    LaTeX errors:
    ! Undefined control sequence.
    <recently read> \Hy@colorlink
    
    l.70 \begin{document}
    
    ! Undefined control sequence.
    \close@pdflink ->\Hy@endcolorlink
     \Hy@VerboseLinkStop \pdfendlink
    l.70 \begin{document}
    
    ! Undefined control sequence.
    <recently read> \Hy@colorlink
    
    l.70 \begin{document}
    
    ! Undefined control sequence.
    \close@pdflink ->\Hy@endcolorlink
     \Hy@VerboseLinkStop \pdfendlink
    l.70 \begin{document}
    
    --- failed re-building ‘WRS2.Rnw’
    
    SUMMARY: processing the following file failed:
     ‘WRS2.Rnw’
    
    Error: Vignette re-building failed.
    Execution halted
Flavor: r-release-linux-x86_64