CRAN Package Check Results for Package WSGeometry

Last updated on 2022-07-02 07:07:14 CEST.

Flavor Version Tinstall Tcheck Ttotal Status Flags
r-devel-linux-x86_64-debian-clang 1.2.1 161.78 125.53 287.31 OK
r-devel-linux-x86_64-debian-gcc 1.2.1 120.95 94.21 215.16 OK
r-devel-linux-x86_64-fedora-clang 1.2.1 410.05 NOTE
r-devel-linux-x86_64-fedora-gcc 1.2.1 352.08 OK
r-devel-windows-x86_64 1.2.1 107.00 183.00 290.00 OK
r-patched-linux-x86_64 1.2.1 125.42 126.26 251.68 OK
r-release-linux-x86_64 1.2.1 129.73 125.30 255.03 OK
r-release-macos-arm64 1.2.1 111.00 NOTE
r-release-macos-x86_64 1.2.1 159.00 NOTE
r-release-windows-x86_64 1.2.1 115.00 173.00 288.00 OK
r-oldrel-macos-arm64 1.2.1 87.00 NOTE
r-oldrel-macos-x86_64 1.2.1 146.00 NOTE
r-oldrel-windows-ix86+x86_64 1.2.1 310.00 224.00 534.00 OK

Check Details

Version: 1.2.1
Check: installed package size
Result: NOTE
     installed size is 8.5Mb
     sub-directories of 1Mb or more:
     libs 8.2Mb
Flavors: r-devel-linux-x86_64-fedora-clang, r-release-macos-arm64, r-release-macos-x86_64, r-oldrel-macos-arm64, r-oldrel-macos-x86_64