CRAN Package Check Results for Package WaveSampling

Last updated on 2020-09-22 06:47:49 CEST.

Flavor Version Tinstall Tcheck Ttotal Status Flags
r-devel-linux-x86_64-debian-clang 0.1.1 143.45 72.32 215.77 OK
r-devel-linux-x86_64-debian-gcc 0.1.1 0.30 2.08 2.38 ERROR
r-devel-linux-x86_64-fedora-clang 0.1.1 302.47 NOTE
r-devel-linux-x86_64-fedora-gcc 0.1.1 276.13 OK
r-devel-windows-ix86+x86_64 0.1.1 326.00 112.00 438.00 OK
r-patched-linux-x86_64 0.1.1 108.67 69.74 178.41 OK
r-patched-solaris-x86 0.1.1 282.60 OK
r-release-linux-x86_64 0.1.1 112.69 69.48 182.17 OK
r-release-macos-x86_64 0.1.1 NOTE
r-release-windows-ix86+x86_64 0.1.1 323.00 151.00 474.00 OK
r-oldrel-macos-x86_64 0.1.1 OK
r-oldrel-windows-ix86+x86_64 0.1.1 221.00 83.00 304.00 OK

Check Details

Version: 0.1.1
Check: whether package can be installed
Result: ERROR
    Installation failed.
Flavor: r-devel-linux-x86_64-debian-gcc

Version: 0.1.1
Check: installed package size
Result: NOTE
     installed size is 5.7Mb
     sub-directories of 1Mb or more:
     libs 5.5Mb
Flavors: r-devel-linux-x86_64-fedora-clang, r-release-macos-x86_64