Last updated on 2021-01-16 06:51:26 CET.
Flavor | Version | Tinstall | Tcheck | Ttotal | Status | Flags |
---|---|---|---|---|---|---|
r-devel-linux-x86_64-debian-clang | 1.7-5 | 9.74 | 38.58 | 48.32 | OK | |
r-devel-linux-x86_64-debian-gcc | 1.7-5 | 6.10 | 31.05 | 37.15 | OK | |
r-devel-linux-x86_64-fedora-clang | 1.7-5 | 68.46 | NOTE | |||
r-devel-linux-x86_64-fedora-gcc | 1.7-5 | 57.91 | OK | |||
r-devel-windows-ix86+x86_64 | 1.7-5 | 16.00 | 53.00 | 69.00 | OK | |
r-patched-linux-x86_64 | 1.7-5 | 7.95 | 37.24 | 45.19 | OK | |
r-patched-solaris-x86 | 1.7-5 | 81.60 | OK | |||
r-release-linux-x86_64 | 1.7-5 | 8.06 | 37.21 | 45.27 | OK | |
r-release-macos-x86_64 | 1.7-5 | OK | ||||
r-release-windows-ix86+x86_64 | 1.7-5 | 18.00 | 54.00 | 72.00 | OK | |
r-oldrel-macos-x86_64 | 1.7-5 | OK | ||||
r-oldrel-windows-ix86+x86_64 | 1.7-5 | 14.00 | 69.00 | 83.00 | OK |
Version: 1.7-5
Check: Rd cross-references
Result: NOTE
Undeclared package ‘slam’ in Rd xrefs
Flavor: r-devel-linux-x86_64-fedora-clang