Last updated on 2022-07-04 06:51:40 CEST.
Flavor | Version | Tinstall | Tcheck | Ttotal | Status | Flags |
---|---|---|---|---|---|---|
r-devel-linux-x86_64-debian-clang | 1.7-9 | 8.73 | 37.94 | 46.67 | OK | |
r-devel-linux-x86_64-debian-gcc | 1.7-9 | 6.70 | 29.10 | 35.80 | OK | |
r-devel-linux-x86_64-fedora-clang | 1.7-9 | 67.63 | NOTE | |||
r-devel-linux-x86_64-fedora-gcc | 1.7-9 | 66.15 | OK | |||
r-devel-windows-x86_64 | 1.7-9 | 25.00 | 78.00 | 103.00 | OK | |
r-patched-linux-x86_64 | 1.7-9 | 8.43 | 36.60 | 45.03 | OK | |
r-release-linux-x86_64 | 1.7-9 | 7.78 | 36.70 | 44.48 | OK | |
r-release-macos-arm64 | 1.7-9 | 23.00 | OK | |||
r-release-macos-x86_64 | 1.7-9 | 35.00 | OK | |||
r-release-windows-x86_64 | 1.7-9 | 25.00 | 78.00 | 103.00 | OK | |
r-oldrel-macos-arm64 | 1.7-9 | 31.00 | OK | |||
r-oldrel-macos-x86_64 | 1.7-9 | 37.00 | OK | |||
r-oldrel-windows-ix86+x86_64 | 1.7-9 | 18.00 | 78.00 | 96.00 | OK |
Version: 1.7-9
Check: Rd cross-references
Result: NOTE
Undeclared package ‘slam’ in Rd xrefs
Flavor: r-devel-linux-x86_64-fedora-clang