CRAN Package Check Results for Package WoodburyMatrix

Last updated on 2022-01-25 06:48:53 CET.

Flavor Version Tinstall Tcheck Ttotal Status Flags
r-devel-linux-x86_64-debian-clang 0.0.1 8.98 87.14 96.12 NOTE
r-devel-linux-x86_64-debian-gcc 0.0.1 7.64 77.86 85.50 NOTE
r-devel-linux-x86_64-fedora-clang 0.0.1 117.61 NOTE
r-devel-linux-x86_64-fedora-gcc 0.0.1 116.77 NOTE
r-devel-windows-x86_64-new-UL 0.0.1 93.00 113.00 206.00 NOTE
r-devel-windows-x86_64-new-TK 0.0.1 NOTE
r-patched-linux-x86_64 0.0.1 7.32 84.83 92.15 NOTE
r-release-linux-x86_64 0.0.1 8.34 84.01 92.35 NOTE
r-release-macos-arm64 0.0.1 NOTE
r-release-macos-x86_64 0.0.1 NOTE
r-release-windows-ix86+x86_64 0.0.1 19.00 98.00 117.00 NOTE
r-oldrel-macos-x86_64 0.0.1 OK
r-oldrel-windows-ix86+x86_64 0.0.1 19.00 99.00 118.00 OK

Check Details

Version: 0.0.1
Check: LazyData
Result: NOTE
     'LazyData' is specified without a 'data' directory
Flavors: r-devel-linux-x86_64-debian-clang, r-devel-linux-x86_64-debian-gcc, r-devel-linux-x86_64-fedora-clang, r-devel-linux-x86_64-fedora-gcc, r-devel-windows-x86_64-new-UL, r-devel-windows-x86_64-new-TK, r-patched-linux-x86_64, r-release-linux-x86_64, r-release-macos-arm64, r-release-macos-x86_64, r-release-windows-ix86+x86_64