CRAN Package Check Results for Package WorldFlora

Last updated on 2023-03-20 05:52:51 CET.

Flavor Version Tinstall Tcheck Ttotal Status Flags
r-devel-linux-x86_64-debian-clang 1.12 OK
r-devel-linux-x86_64-debian-gcc 1.12 3.58 26.82 30.40 OK
r-devel-linux-x86_64-fedora-clang 1.12 50.22 NOTE
r-devel-linux-x86_64-fedora-gcc 1.12 46.73 NOTE
r-devel-windows-x86_64 1.12 19.00 63.00 82.00 OK
r-patched-linux-x86_64 1.12 4.53 34.57 39.10 OK
r-release-linux-x86_64 1.12 3.65 34.45 38.10 OK
r-release-macos-arm64 1.12 19.00 OK
r-release-macos-x86_64 1.12 25.00 OK
r-release-windows-x86_64 1.12 18.00 64.00 82.00 OK
r-oldrel-macos-arm64 1.12 22.00 OK
r-oldrel-macos-x86_64 1.12 29.00 OK
r-oldrel-windows-ix86+x86_64 1.12 8.00 59.00 67.00 OK

Check Details

Version: 1.12
Check: data for non-ASCII characters
Result: NOTE
     Note: found 2 marked UTF-8 strings
Flavors: r-devel-linux-x86_64-fedora-clang, r-devel-linux-x86_64-fedora-gcc