CRAN Package Check Results for Package Wrapped

Last updated on 2020-09-28 06:50:04 CEST.

Flavor Version Tinstall Tcheck Ttotal Status Flags
r-devel-linux-x86_64-debian-clang 2.0 13.04 141.24 154.28 OK
r-devel-linux-x86_64-debian-gcc 2.0 11.93 108.05 119.98 OK
r-devel-linux-x86_64-fedora-clang 2.0 205.78 NOTE
r-devel-linux-x86_64-fedora-gcc 2.0 188.30 OK
r-devel-windows-ix86+x86_64 2.0 34.00 294.00 328.00 OK
r-patched-linux-x86_64 2.0 15.69 133.70 149.39 OK
r-patched-solaris-x86 2.0 266.40 OK
r-release-linux-x86_64 2.0 15.47 134.70 150.17 OK
r-release-macos-x86_64 2.0 OK
r-release-windows-ix86+x86_64 2.0 34.00 259.00 293.00 OK
r-oldrel-macos-x86_64 2.0 OK
r-oldrel-windows-ix86+x86_64 2.0 30.00 313.00 343.00 OK

Check Details

Version: 2.0
Check: package dependencies
Result: NOTE
    Imports includes 22 non-default packages.
    Importing from so many packages makes the package vulnerable to any of
    them becoming unavailable. Move as many as possible to Suggests and
    use conditionally.
Flavor: r-devel-linux-x86_64-fedora-clang