CRAN Package Check Results for Package XBRL

Last updated on 2021-06-19 06:48:30 CEST.

Flavor Version Tinstall Tcheck Ttotal Status Flags
r-devel-linux-x86_64-debian-clang 0.99.18 109.85 29.97 139.82 NOTE
r-devel-linux-x86_64-debian-gcc 0.99.18 65.50 23.78 89.28 NOTE
r-devel-linux-x86_64-fedora-clang 0.99.18 213.24 NOTE
r-devel-linux-x86_64-fedora-gcc 0.99.18 171.73 NOTE
r-devel-windows-x86_64 0.99.18 136.00 57.00 193.00 NOTE
r-devel-windows-x86_64-gcc10-UCRT 0.99.18 NOTE
r-patched-linux-x86_64 0.99.18 85.44 29.40 114.84 NOTE
r-patched-solaris-x86 0.99.18 171.40 NOTE
r-release-linux-x86_64 0.99.18 83.96 29.49 113.45 NOTE
r-release-macos-arm64 0.99.18 NOTE
r-release-macos-x86_64 0.99.18 NOTE
r-release-windows-ix86+x86_64 0.99.18 256.00 66.00 322.00 NOTE
r-oldrel-macos-x86_64 0.99.18 NOTE
r-oldrel-windows-ix86+x86_64 0.99.18 200.00 85.00 285.00 NOTE

Check Details

Version: 0.99.18
Check: top-level files
Result: NOTE
    Found a 'configure.in' file: 'configure.ac' has long been preferred.
     Output from running autoreconf:
     aclocal: warning: autoconf input should be named 'configure.ac', not 'configure.in'
Flavors: r-devel-linux-x86_64-debian-clang, r-devel-linux-x86_64-debian-gcc, r-devel-linux-x86_64-fedora-clang, r-devel-linux-x86_64-fedora-gcc, r-patched-linux-x86_64, r-release-linux-x86_64

Version: 0.99.18
Check: top-level files
Result: NOTE
    Found a 'configure.in' file: 'configure.ac' has long been preferred.
Flavors: r-devel-windows-x86_64, r-devel-windows-x86_64-gcc10-UCRT, r-patched-solaris-x86, r-release-macos-arm64, r-release-macos-x86_64, r-release-windows-ix86+x86_64, r-oldrel-macos-x86_64, r-oldrel-windows-ix86+x86_64

Version: 0.99.18
Check: installed package size
Result: NOTE
     installed size is 8.5Mb
     sub-directories of 1Mb or more:
     libs 8.4Mb
Flavors: r-release-macos-arm64, r-release-macos-x86_64, r-release-windows-ix86+x86_64, r-oldrel-macos-x86_64, r-oldrel-windows-ix86+x86_64