CRAN Package Check Results for Package YPBP

Last updated on 2024-04-16 07:02:49 CEST.

Flavor Version Tinstall Tcheck Ttotal Status Flags
r-devel-linux-x86_64-debian-clang 0.0.1 325.35 207.31 532.66 NOTE
r-devel-linux-x86_64-debian-gcc 0.0.1 297.89 174.24 472.13 NOTE
r-devel-linux-x86_64-fedora-clang 0.0.1 652.38 NOTE
r-devel-linux-x86_64-fedora-gcc 0.0.1 808.49 NOTE
r-prerel-macos-arm64 0.0.1 161.00 NOTE
r-prerel-windows-x86_64 0.0.1 229.00 188.00 417.00 NOTE
r-patched-linux-x86_64 0.0.1 242.85 225.02 467.87 NOTE
r-release-linux-x86_64 0.0.1 275.62 228.06 503.68 NOTE
r-release-macos-arm64 0.0.1 164.00 NOTE
r-release-macos-x86_64 0.0.1 251.00 NOTE
r-release-windows-x86_64 0.0.1 319.00 236.00 555.00 NOTE
r-oldrel-macos-arm64 0.0.1 127.00 NOTE
r-oldrel-windows-x86_64 0.0.1 304.00 220.00 524.00 NOTE

Check Details

Version: 0.0.1
Check: for GNU extensions in Makefiles
Result: NOTE GNU make is a SystemRequirements. Flavors: r-devel-linux-x86_64-debian-clang, r-devel-linux-x86_64-debian-gcc, r-devel-linux-x86_64-fedora-clang, r-devel-linux-x86_64-fedora-gcc, r-prerel-macos-arm64, r-prerel-windows-x86_64, r-patched-linux-x86_64, r-release-linux-x86_64, r-release-macos-arm64, r-release-macos-x86_64, r-release-windows-x86_64, r-oldrel-macos-arm64, r-oldrel-windows-x86_64

Version: 0.0.1
Check: dependencies in R code
Result: NOTE Namespace in Imports field not imported from: ‘rstantools’ All declared Imports should be used. Flavors: r-devel-linux-x86_64-fedora-clang, r-devel-linux-x86_64-fedora-gcc, r-oldrel-macos-arm64

Version: 0.0.1
Check: installed package size
Result: NOTE installed size is 56.0Mb sub-directories of 1Mb or more: libs 55.7Mb Flavors: r-prerel-macos-arm64, r-release-macos-arm64, r-release-macos-x86_64, r-oldrel-macos-arm64